CRAN Package Check Results for Package jsonify

Last updated on 2020-04-25 01:53:05 CEST.

Flavor Version Tinstall Tcheck Ttotal Status Flags
r-devel-linux-x86_64-debian-clang 1.1.1 71.81 30.23 102.04 OK
r-devel-linux-x86_64-debian-gcc 1.1.1 53.77 23.95 77.72 OK
r-devel-linux-x86_64-fedora-clang 1.1.1 158.14 NOTE
r-devel-linux-x86_64-fedora-gcc 1.1.1 145.32 OK
r-devel-windows-ix86+x86_64 1.1.1 191.00 70.00 261.00 OK
r-patched-linux-x86_64 1.1.1 60.51 29.77 90.28 OK
r-patched-osx-x86_64 1.1.1 NOTE
r-patched-solaris-x86 1.1.1 131.10 OK
r-release-linux-x86_64 1.1.1 58.27 27.51 85.78 OK
r-release-windows-ix86+x86_64 1.1.1 195.00 63.00 258.00 OK
r-release-osx-x86_64 1.1.1 NOTE
r-oldrel-windows-ix86+x86_64 1.1.1 141.00 82.00 223.00 OK
r-oldrel-osx-x86_64 1.1.1 OK

Check Details

Version: 1.1.1
Check: installed package size
Result: NOTE
     installed size is 7.5Mb
     sub-directories of 1Mb or more:
     doc 1.2Mb
     libs 6.1Mb
Flavors: r-devel-linux-x86_64-fedora-clang, r-patched-osx-x86_64, r-release-osx-x86_64