CRAN Package Check Results for Package jrt

Last updated on 2020-04-25 01:53:05 CEST.

Flavor Version Tinstall Tcheck Ttotal Status Flags
r-devel-linux-x86_64-debian-clang 1.0.1 14.92 191.91 206.83 OK
r-devel-linux-x86_64-debian-gcc 1.0.1 12.24 140.92 153.16 OK
r-devel-linux-x86_64-fedora-clang 1.0.1 258.67 OK
r-devel-linux-x86_64-fedora-gcc 1.0.1 265.75 OK
r-devel-windows-ix86+x86_64 1.0.1 48.00 185.00 233.00 OK
r-patched-linux-x86_64 1.0.1 13.74 178.66 192.40 OK
r-patched-osx-x86_64 1.0.1 WARN
r-patched-solaris-x86 1.0.1 329.40 OK
r-release-linux-x86_64 1.0.1 12.37 175.48 187.85 OK
r-release-windows-ix86+x86_64 1.0.1 32.00 165.00 197.00 OK
r-release-osx-x86_64 1.0.1 OK
r-oldrel-windows-ix86+x86_64 1.0.1 14.00 235.00 249.00 OK
r-oldrel-osx-x86_64 1.0.1 OK

Check Details

Version: 1.0.1
Check: re-building of vignette outputs
Result: WARN
    Error(s) in re-building vignettes:
     ...
    --- re-building ‘my-vignette.Rmd’ using rmarkdown
    dyld: lazy symbol binding failed: Symbol not found: ____chkstk_darwin
     Referenced from: /usr/local/bin/pandoc (which was built for Mac OS X 10.15)
     Expected in: /usr/lib/libSystem.B.dylib
    
    dyld: Symbol not found: ____chkstk_darwin
     Referenced from: /usr/local/bin/pandoc (which was built for Mac OS X 10.15)
     Expected in: /usr/lib/libSystem.B.dylib
    
    Error: processing vignette 'my-vignette.Rmd' failed with diagnostics:
    pandoc document conversion failed with error 6
    --- failed re-building ‘my-vignette.Rmd’
    
    SUMMARY: processing the following file failed:
     ‘my-vignette.Rmd’
    
    Error: Vignette re-building failed.
    Execution halted
Flavor: r-patched-osx-x86_64