CRAN Package Check Results for Package jqr

Last updated on 2020-04-25 01:53:05 CEST.

Flavor Version Tinstall Tcheck Ttotal Status Flags
r-devel-linux-x86_64-debian-clang 1.1.0 3.90 49.93 53.83 OK
r-devel-linux-x86_64-debian-gcc 1.1.0 3.09 41.73 44.82 OK
r-devel-linux-x86_64-fedora-clang 1.1.0 67.54 NOTE
r-devel-linux-x86_64-fedora-gcc 1.1.0 68.11 NOTE
r-devel-windows-ix86+x86_64 1.1.0 21.00 64.00 85.00 OK
r-patched-linux-x86_64 1.1.0 3.77 50.46 54.23 OK
r-patched-osx-x86_64 1.1.0 OK
r-patched-solaris-x86 1.1.0 58.90 OK
r-release-linux-x86_64 1.1.0 2.99 47.51 50.50 OK
r-release-windows-ix86+x86_64 1.1.0 20.00 56.00 76.00 OK
r-release-osx-x86_64 1.1.0 OK
r-oldrel-windows-ix86+x86_64 1.1.0 11.00 73.00 84.00 OK
r-oldrel-osx-x86_64 1.1.0 OK

Check Details

Version: 1.1.0
Check: top-level files
Result: NOTE
    ‘configure’: /bin/bash is not portable
Flavors: r-devel-linux-x86_64-fedora-clang, r-devel-linux-x86_64-fedora-gcc