Last updated on 2020-04-25 01:53:05 CEST.
Flavor | Version | Tinstall | Tcheck | Ttotal | Status | Flags |
---|---|---|---|---|---|---|
r-devel-linux-x86_64-debian-clang | 1.2.5 | 95.21 | 102.32 | 197.53 | OK | |
r-devel-linux-x86_64-debian-gcc | 1.2.5 | 70.75 | 78.58 | 149.33 | OK | |
r-devel-linux-x86_64-fedora-clang | 1.2.5 | 249.29 | NOTE | |||
r-devel-linux-x86_64-fedora-gcc | 1.2.5 | 247.47 | NOTE | |||
r-devel-windows-ix86+x86_64 | 1.2.5 | 150.00 | 124.00 | 274.00 | OK | |
r-patched-linux-x86_64 | 1.2.5 | 66.02 | 97.82 | 163.84 | OK | |
r-patched-osx-x86_64 | 1.2.5 | WARN | ||||
r-patched-solaris-x86 | 1.2.5 | 303.30 | NOTE | |||
r-release-linux-x86_64 | 1.2.5 | 53.46 | 90.99 | 144.45 | OK | |
r-release-windows-ix86+x86_64 | 1.2.5 | 130.00 | 102.00 | 232.00 | OK | |
r-release-osx-x86_64 | 1.2.5 | NOTE | ||||
r-oldrel-windows-ix86+x86_64 | 1.2.5 | 91.00 | 109.00 | 200.00 | OK | |
r-oldrel-osx-x86_64 | 1.2.5 | NOTE |
Version: 1.2.5
Check: dependencies in R code
Result: NOTE
Namespaces in Imports field not imported from:
‘BayesFactor’ ‘GGally’ ‘GPArotation’ ‘MASS’ ‘PMCMR’ ‘R6’ ‘ROCR’
‘afex’ ‘car’ ‘emmeans’ ‘ggridges’ ‘lavaan’ ‘multcomp’ ‘mvnormtest’
‘nnet’ ‘psych’ ‘vcd’ ‘vcdExtra’
All declared Imports should be used.
Flavors: r-devel-linux-x86_64-fedora-clang, r-devel-linux-x86_64-fedora-gcc, r-patched-osx-x86_64, r-patched-solaris-x86, r-release-osx-x86_64, r-oldrel-osx-x86_64
Version: 1.2.5
Check: re-building of vignette outputs
Result: WARN
Error(s) in re-building vignettes:
...
--- re-building ‘new-syntax.Rmd’ using rmarkdown
dyld: lazy symbol binding failed: Symbol not found: ____chkstk_darwin
Referenced from: /usr/local/bin/pandoc (which was built for Mac OS X 10.15)
Expected in: /usr/lib/libSystem.B.dylib
dyld: Symbol not found: ____chkstk_darwin
Referenced from: /usr/local/bin/pandoc (which was built for Mac OS X 10.15)
Expected in: /usr/lib/libSystem.B.dylib
Error: processing vignette 'new-syntax.Rmd' failed with diagnostics:
pandoc document conversion failed with error 6
--- failed re-building ‘new-syntax.Rmd’
SUMMARY: processing the following file failed:
‘new-syntax.Rmd’
Error: Vignette re-building failed.
Execution halted
Flavor: r-patched-osx-x86_64