CRAN Package Check Results for Package jmcm

Last updated on 2020-04-25 01:53:05 CEST.

Flavor Version Tinstall Tcheck Ttotal Status Flags
r-devel-linux-x86_64-debian-clang 0.2.1 66.94 134.62 201.56 OK
r-devel-linux-x86_64-debian-gcc 0.2.1 41.43 159.93 201.36 OK
r-devel-linux-x86_64-fedora-clang 0.2.1 256.68 NOTE
r-devel-linux-x86_64-fedora-gcc 0.2.1 310.93 NOTE
r-devel-windows-ix86+x86_64 0.2.1 158.00 321.00 479.00 OK
r-patched-linux-x86_64 0.2.1 53.15 169.32 222.47 OK
r-patched-osx-x86_64 0.2.1 NOTE
r-patched-solaris-x86 0.2.1 427.70 NOTE
r-release-linux-x86_64 0.2.1 45.81 166.91 212.72 OK
r-release-windows-ix86+x86_64 0.2.1 141.00 496.00 637.00 OK
r-release-osx-x86_64 0.2.1 NOTE
r-oldrel-windows-ix86+x86_64 0.2.1 98.00 551.00 649.00 OK
r-oldrel-osx-x86_64 0.2.1 NOTE

Check Details

Version: 0.2.1
Check: installed package size
Result: NOTE
     installed size is 6.7Mb
     sub-directories of 1Mb or more:
     libs 5.5Mb
Flavors: r-devel-linux-x86_64-fedora-clang, r-patched-osx-x86_64, r-release-osx-x86_64, r-oldrel-osx-x86_64

Version: 0.2.1
Check: dependencies in R code
Result: NOTE
    Namespace in Imports field not imported from: ‘lattice’
     All declared Imports should be used.
Flavors: r-devel-linux-x86_64-fedora-clang, r-devel-linux-x86_64-fedora-gcc, r-patched-osx-x86_64, r-patched-solaris-x86, r-release-osx-x86_64, r-oldrel-osx-x86_64