CRAN Package Check Results for Package jiebaR

Last updated on 2020-04-25 01:53:05 CEST.

Flavor Version Tinstall Tcheck Ttotal Status Flags
r-devel-linux-x86_64-debian-clang 0.11 82.38 57.56 139.94 OK
r-devel-linux-x86_64-debian-gcc 0.11 49.84 47.29 97.13 OK
r-devel-linux-x86_64-fedora-clang 0.11 194.31 NOTE
r-devel-linux-x86_64-fedora-gcc 0.11 170.88 OK
r-devel-windows-ix86+x86_64 0.11 179.00 125.00 304.00 OK
r-patched-linux-x86_64 0.11 58.99 58.38 117.37 OK
r-patched-osx-x86_64 0.11 NOTE
r-patched-solaris-x86 0.11 197.00 OK
r-release-linux-x86_64 0.11 57.79 54.67 112.46 OK
r-release-windows-ix86+x86_64 0.11 173.00 146.00 319.00 OK
r-release-osx-x86_64 0.11 NOTE
r-oldrel-windows-ix86+x86_64 0.11 120.00 185.00 305.00 OK
r-oldrel-osx-x86_64 0.11 NOTE

Check Details

Version: 0.11
Check: installed package size
Result: NOTE
     installed size is 6.8Mb
     sub-directories of 1Mb or more:
     libs 6.3Mb
Flavors: r-devel-linux-x86_64-fedora-clang, r-patched-osx-x86_64, r-release-osx-x86_64, r-oldrel-osx-x86_64