CRAN Package Check Results for Package isocir

Last updated on 2020-04-25 01:53:05 CEST.

Flavor Version Tinstall Tcheck Ttotal Status Flags
r-devel-linux-x86_64-debian-clang 2.0-6 11.34 58.97 70.31 NOTE
r-devel-linux-x86_64-debian-gcc 2.0-6 9.22 45.46 54.68 NOTE
r-devel-linux-x86_64-fedora-clang 2.0-6 85.35 NOTE
r-devel-linux-x86_64-fedora-gcc 2.0-6 88.54 NOTE
r-devel-windows-ix86+x86_64 2.0-6 28.00 91.00 119.00 NOTE
r-patched-linux-x86_64 2.0-6 9.60 58.73 68.33 NOTE
r-patched-osx-x86_64 2.0-6 NOTE
r-patched-solaris-x86 2.0-6 130.10 NOTE
r-release-linux-x86_64 2.0-6 10.60 53.95 64.55 NOTE
r-release-windows-ix86+x86_64 2.0-6 26.00 82.00 108.00 NOTE
r-release-osx-x86_64 2.0-6 NOTE
r-oldrel-windows-ix86+x86_64 2.0-6 16.00 84.00 100.00 NOTE
r-oldrel-osx-x86_64 2.0-6 NOTE

Check Details

Version: 2.0-6
Check: R code for possible problems
Result: NOTE
    ACO : bordacircular: no visible global function definition for
     'medianCircular'
    Undefined global functions or variables:
     medianCircular
Flavors: r-devel-linux-x86_64-debian-clang, r-devel-linux-x86_64-debian-gcc, r-devel-linux-x86_64-fedora-clang, r-devel-linux-x86_64-fedora-gcc, r-devel-windows-ix86+x86_64, r-patched-linux-x86_64, r-patched-osx-x86_64, r-patched-solaris-x86, r-release-linux-x86_64, r-release-windows-ix86+x86_64, r-release-osx-x86_64, r-oldrel-windows-ix86+x86_64, r-oldrel-osx-x86_64

Version: 2.0-6
Check: compiled code
Result: NOTE
    File ‘isocir/libs/isocir.so’:
     Found no calls to: ‘R_registerRoutines’, ‘R_useDynamicSymbols’
    
    It is good practice to register native routines and to disable symbol
    search.
    
    See ‘Writing portable packages’ in the ‘Writing R Extensions’ manual.
Flavors: r-devel-linux-x86_64-fedora-clang, r-devel-linux-x86_64-fedora-gcc