CRAN Package Check Results for Package isdparser

Last updated on 2020-04-25 01:53:05 CEST.

Flavor Version Tinstall Tcheck Ttotal Status Flags
r-devel-linux-x86_64-debian-clang 0.4.0 4.83 73.67 78.50 OK
r-devel-linux-x86_64-debian-gcc 0.4.0 3.86 52.35 56.21 OK
r-devel-linux-x86_64-fedora-clang 0.4.0 92.87 NOTE
r-devel-linux-x86_64-fedora-gcc 0.4.0 92.19 NOTE
r-devel-windows-ix86+x86_64 0.4.0 17.00 81.00 98.00 OK
r-patched-linux-x86_64 0.4.0 4.53 67.96 72.49 OK
r-patched-osx-x86_64 0.4.0 NOTE
r-patched-solaris-x86 0.4.0 125.60 NOTE
r-release-linux-x86_64 0.4.0 4.04 63.47 67.51 OK
r-release-windows-ix86+x86_64 0.4.0 13.00 103.00 116.00 OK
r-release-osx-x86_64 0.4.0 NOTE
r-oldrel-windows-ix86+x86_64 0.4.0 6.00 81.00 87.00 OK
r-oldrel-osx-x86_64 0.4.0 NOTE

Check Details

Version: 0.4.0
Check: data for non-ASCII characters
Result: NOTE
     Note: found 104 marked UTF-8 strings
Flavors: r-devel-linux-x86_64-fedora-clang, r-devel-linux-x86_64-fedora-gcc, r-patched-osx-x86_64, r-patched-solaris-x86, r-release-osx-x86_64, r-oldrel-osx-x86_64