Last updated on 2020-04-25 01:53:05 CEST.
Flavor | Version | Tinstall | Tcheck | Ttotal | Status | Flags |
---|---|---|---|---|---|---|
r-devel-linux-x86_64-debian-clang | 1.5.0 | 23.81 | 130.66 | 154.47 | OK | |
r-devel-linux-x86_64-debian-gcc | 1.5.0 | 20.28 | 97.07 | 117.35 | OK | |
r-devel-linux-x86_64-fedora-clang | 1.5.0 | 205.26 | OK | |||
r-devel-linux-x86_64-fedora-gcc | 1.5.0 | 203.66 | OK | |||
r-devel-windows-ix86+x86_64 | 1.5.0 | 53.00 | 136.00 | 189.00 | OK | |
r-patched-linux-x86_64 | 1.5.0 | 23.51 | 123.28 | 146.79 | OK | |
r-patched-osx-x86_64 | 1.5.0 | OK | ||||
r-patched-solaris-x86 | 1.5.0 | 246.40 | OK | |||
r-release-linux-x86_64 | 1.5.0 | 19.55 | 112.82 | 132.37 | OK | |
r-release-windows-ix86+x86_64 | 1.5.0 | 43.00 | 115.00 | 158.00 | OK | |
r-release-osx-x86_64 | 1.5.0 | OK | ||||
r-oldrel-windows-ix86+x86_64 | 1.2.0 | 18.00 | 125.00 | 143.00 | OK | |
r-oldrel-osx-x86_64 | 1.4.1 | ERROR |
Version: 1.4.1
Check: whether package can be installed
Result: ERROR
Installation failed.
Flavor: r-oldrel-osx-x86_64