CRAN Package Check Results for Package intsurvbin

Last updated on 2020-04-25 01:53:05 CEST.

Flavor Version Tinstall Tcheck Ttotal Status Flags
r-devel-linux-x86_64-debian-clang 0.0.4 3.00 40.78 43.78 OK
r-devel-linux-x86_64-debian-gcc 0.0.4 2.22 31.32 33.54 OK
r-devel-linux-x86_64-fedora-clang 0.0.4 52.26 NOTE
r-devel-linux-x86_64-fedora-gcc 0.0.4 52.15 NOTE
r-devel-windows-ix86+x86_64 0.0.4 11.00 52.00 63.00 OK
r-patched-linux-x86_64 0.0.4 3.17 39.92 43.09 OK
r-patched-osx-x86_64 0.0.4 NOTE
r-patched-solaris-x86 0.0.4 78.50 NOTE
r-release-linux-x86_64 0.0.4 2.53 38.01 40.54 OK
r-release-windows-ix86+x86_64 0.0.4 7.00 48.00 55.00 OK
r-release-osx-x86_64 0.0.4 NOTE
r-oldrel-windows-ix86+x86_64 0.0.4 3.00 65.00 68.00 OK
r-oldrel-osx-x86_64 0.0.4 NOTE

Check Details

Version: 0.0.4
Check: dependencies in R code
Result: NOTE
    Namespace in Imports field not imported from: ‘mgcv’
     All declared Imports should be used.
Flavors: r-devel-linux-x86_64-fedora-clang, r-devel-linux-x86_64-fedora-gcc, r-patched-osx-x86_64, r-patched-solaris-x86, r-release-osx-x86_64, r-oldrel-osx-x86_64