Last updated on 2020-04-25 01:53:05 CEST.
Flavor | Version | Tinstall | Tcheck | Ttotal | Status | Flags |
---|---|---|---|---|---|---|
r-devel-linux-x86_64-debian-clang | 1.0 | 1.59 | 16.44 | 18.03 | NOTE | |
r-devel-linux-x86_64-debian-gcc | 1.0 | 1.28 | 13.24 | 14.52 | NOTE | |
r-devel-linux-x86_64-fedora-clang | 1.0 | 23.12 | NOTE | |||
r-devel-linux-x86_64-fedora-gcc | 1.0 | 23.25 | NOTE | |||
r-devel-windows-ix86+x86_64 | 1.0 | 5.00 | 26.00 | 31.00 | NOTE | |
r-patched-linux-x86_64 | 1.0 | 1.60 | 16.11 | 17.71 | NOTE | |
r-patched-osx-x86_64 | 1.0 | NOTE | ||||
r-patched-solaris-x86 | 1.0 | 34.70 | NOTE | |||
r-release-linux-x86_64 | 1.0 | 0.99 | 15.10 | 16.09 | NOTE | |
r-release-windows-ix86+x86_64 | 1.0 | 4.00 | 35.00 | 39.00 | NOTE | |
r-release-osx-x86_64 | 1.0 | NOTE | ||||
r-oldrel-windows-ix86+x86_64 | 1.0 | 2.00 | 22.00 | 24.00 | NOTE | |
r-oldrel-osx-x86_64 | 1.0 | NOTE |
Version: 1.0
Check: DESCRIPTION meta-information
Result: NOTE
Malformed Title field: should not end in a period.
Flavors: r-devel-linux-x86_64-debian-clang, r-devel-linux-x86_64-debian-gcc, r-devel-linux-x86_64-fedora-clang, r-devel-linux-x86_64-fedora-gcc, r-devel-windows-ix86+x86_64, r-patched-linux-x86_64, r-patched-osx-x86_64, r-patched-solaris-x86, r-release-linux-x86_64, r-release-windows-ix86+x86_64, r-release-osx-x86_64, r-oldrel-windows-ix86+x86_64, r-oldrel-osx-x86_64