Last updated on 2020-04-25 01:53:05 CEST.
Flavor | Version | Tinstall | Tcheck | Ttotal | Status | Flags |
---|---|---|---|---|---|---|
r-devel-linux-x86_64-debian-clang | 0.8.3 | 12.61 | 203.78 | 216.39 | NOTE | |
r-devel-linux-x86_64-debian-gcc | 0.8.3 | 10.95 | 153.28 | 164.23 | NOTE | |
r-devel-linux-x86_64-fedora-clang | 0.8.3 | 271.96 | NOTE | |||
r-devel-linux-x86_64-fedora-gcc | 0.8.3 | 263.40 | NOTE | |||
r-devel-windows-ix86+x86_64 | 0.8.3 | 28.00 | 275.00 | 303.00 | OK | |
r-patched-linux-x86_64 | 0.8.3 | 13.69 | 196.82 | 210.51 | NOTE | |
r-patched-osx-x86_64 | 0.8.2 | OK | ||||
r-patched-solaris-x86 | 0.8.3 | 351.30 | OK | |||
r-release-linux-x86_64 | 0.8.3 | 12.08 | 177.65 | 189.73 | NOTE | |
r-release-windows-ix86+x86_64 | 0.8.3 | 22.00 | 256.00 | 278.00 | OK | |
r-release-osx-x86_64 | 0.8.3 | OK | ||||
r-oldrel-windows-ix86+x86_64 | 0.8.3 | 14.00 | 189.00 | 203.00 | OK | |
r-oldrel-osx-x86_64 | 0.8.2 | OK |
Version: 0.8.3
Check: package dependencies
Result: NOTE
Package suggested but not available for checking: 'HRQoL'
Flavors: r-devel-linux-x86_64-debian-clang, r-devel-linux-x86_64-debian-gcc, r-devel-linux-x86_64-fedora-clang, r-devel-linux-x86_64-fedora-gcc, r-patched-linux-x86_64
Version: 0.8.3
Check: package dependencies
Result: NOTE
Package suggested but not available for checking: ‘rstanarm’
Flavor: r-release-linux-x86_64