Last updated on 2020-04-25 01:53:05 CEST.
Flavor | Version | Tinstall | Tcheck | Ttotal | Status | Flags |
---|---|---|---|---|---|---|
r-devel-linux-x86_64-debian-clang | 0.1.0 | 115.07 | 27.51 | 142.58 | OK | |
r-devel-linux-x86_64-debian-gcc | 0.1.0 | 66.21 | 21.89 | 88.10 | OK | |
r-devel-linux-x86_64-fedora-clang | 0.1.0 | 206.75 | OK | |||
r-devel-linux-x86_64-fedora-gcc | 0.1.0 | 168.94 | OK | |||
r-devel-windows-ix86+x86_64 | 0.1.0 | 272.00 | 65.00 | 337.00 | OK | |
r-patched-linux-x86_64 | 0.1.0 | 80.05 | 26.86 | 106.91 | OK | |
r-patched-osx-x86_64 | 0.1.0 | OK | ||||
r-patched-solaris-x86 | 0.1.0 | 156.50 | ERROR | |||
r-release-linux-x86_64 | 0.1.0 | 80.54 | 25.19 | 105.73 | OK | |
r-release-windows-ix86+x86_64 | 0.1.0 | 283.00 | 64.00 | 347.00 | OK | |
r-release-osx-x86_64 | 0.1.0 | OK | ||||
r-oldrel-windows-ix86+x86_64 | 0.1.0 | 156.00 | 81.00 | 237.00 | OK | |
r-oldrel-osx-x86_64 | 0.1.0 | OK |
Version: 0.1.0
Check: tests
Result: ERROR
Running ‘spelling.R’
Running ‘testthat.R’
Running the tests in ‘tests/testthat.R’ failed.
Complete output:
> library(testthat)
> library(inplace)
>
> test_check("inplace")
── 1. Failure: in-place operators work in common cases (@test-sweep.R#52) ─────
`X` not identical to `X2`.
Objects equal but not identical
── 2. Failure: in-place operators work in common cases (@test-sweep.R#49) ─────
`X` not identical to `X2`.
Objects equal but not identical
══ testthat results ═══════════════════════════════════════════════════════════
[ OK: 806 | SKIPPED: 0 | WARNINGS: 0 | FAILED: 2 ]
1. Failure: in-place operators work in common cases (@test-sweep.R#52)
2. Failure: in-place operators work in common cases (@test-sweep.R#49)
Error: testthat unit tests failed
Execution halted
Flavor: r-patched-solaris-x86