CRAN Package Check Results for Package ingredients

Last updated on 2020-04-25 01:53:05 CEST.

Flavor Version Tinstall Tcheck Ttotal Status Flags
r-devel-linux-x86_64-debian-clang 1.2.0 7.76 344.87 352.63 OK
r-devel-linux-x86_64-debian-gcc 1.2.0 5.90 262.26 268.16 OK
r-devel-linux-x86_64-fedora-clang 1.2.0 426.41 OK
r-devel-linux-x86_64-fedora-gcc 1.2.0 417.46 OK
r-devel-windows-ix86+x86_64 1.1 29.00 356.00 385.00 OK
r-patched-linux-x86_64 1.2.0 6.29 321.59 327.88 OK
r-patched-osx-x86_64 1.1 WARN
r-patched-solaris-x86 1.2.0 642.20 OK
r-release-linux-x86_64 1.2.0 5.82 312.50 318.32 OK
r-release-windows-ix86+x86_64 1.2.0 18.00 413.00 431.00 OK
r-release-osx-x86_64 1.2.0 OK
r-oldrel-windows-ix86+x86_64 1.2.0 10.00 332.00 342.00 OK
r-oldrel-osx-x86_64 1.1 OK

Check Details

Version: 1.1
Check: re-building of vignette outputs
Result: WARN
    Error(s) in re-building vignettes:
    --- re-building ‘vignette_describe.Rmd’ using rmarkdown
    Welcome to DALEX (version: 1.0.1).
    Find examples and detailed introduction at: https://pbiecek.github.io/ema/
    
    
    Attaching package: 'ingredients'
    
    The following object is masked from 'package:DALEX':
    
     feature_importance
    
    randomForest 4.6-14
    Type rfNews() to see new features/changes/bug fixes.
    Warning in randomForest.default(m, y, ...) :
     The response has five or fewer unique values. Are you sure you want to do regression?
    dyld: lazy symbol binding failed: Symbol not found: ____chkstk_darwin
     Referenced from: /usr/local/bin/pandoc (which was built for Mac OS X 10.15)
     Expected in: /usr/lib/libSystem.B.dylib
    
    dyld: Symbol not found: ____chkstk_darwin
     Referenced from: /usr/local/bin/pandoc (which was built for Mac OS X 10.15)
     Expected in: /usr/lib/libSystem.B.dylib
    
    Error: processing vignette 'vignette_describe.Rmd' failed with diagnostics:
    pandoc document conversion failed with error 6
    --- failed re-building ‘vignette_describe.Rmd’
    
    --- re-building ‘vignette_simulated.Rmd’ using rmarkdown
    Welcome to DALEX (version: 1.0.1).
    Find examples and detailed introduction at: https://pbiecek.github.io/ema/
    
    
    Attaching package: 'ingredients'
    
    The following object is masked from 'package:DALEX':
    
     feature_importance
    
    Warning in model_name[i] <- unique(dfl[[i]]$`_label`) :
     number of items to replace is not a multiple of replacement length
    Warning in model_name[i] <- unique(dfl[[i]]$`_label`) :
     number of items to replace is not a multiple of replacement length
    Warning in model_name[i] <- unique(dfl[[i]]$`_label`) :
     number of items to replace is not a multiple of replacement length
    dyld: lazy symbol binding failed: Symbol not found: ____chkstk_darwin
     Referenced from: /usr/local/bin/pandoc (which was built for Mac OS X 10.15)
     Expected in: /usr/lib/libSystem.B.dylib
    
    dyld: Symbol not found: ____chkstk_darwin
     Referenced from: /usr/local/bin/pandoc (which was built for Mac OS X 10.15)
     Expected in: /usr/lib/libSystem.B.dylib
    
    Error: processing vignette 'vignette_simulated.Rmd' failed with diagnostics:
    pandoc document conversion failed with error 6
    --- failed re-building ‘vignette_simulated.Rmd’
    
    --- re-building ‘vignette_titanic.Rmd’ using rmarkdown
    Welcome to DALEX (version: 1.0.1).
    Find examples and detailed introduction at: https://pbiecek.github.io/ema/
    
    randomForest 4.6-14
    Type rfNews() to see new features/changes/bug fixes.
    Warning in randomForest.default(m, y, ...) :
     The response has five or fewer unique values. Are you sure you want to do regression?
    
    Attaching package: 'ingredients'
    
    The following object is masked from 'package:DALEX':
    
     feature_importance
    
    dyld: lazy symbol binding failed: Symbol not found: ____chkstk_darwin
     Referenced from: /usr/local/bin/pandoc (which was built for Mac OS X 10.15)
     Expected in: /usr/lib/libSystem.B.dylib
    
    dyld: Symbol not found: ____chkstk_darwin
     Referenced from: /usr/local/bin/pandoc (which was built for Mac OS X 10.15)
     Expected in: /usr/lib/libSystem.B.dylib
    
    Error: processing vignette 'vignette_titanic.Rmd' failed with diagnostics:
    pandoc document conversion failed with error 6
    --- failed re-building ‘vignette_titanic.Rmd’
    
    SUMMARY: processing the following files failed:
     ‘vignette_describe.Rmd’ ‘vignette_simulated.Rmd’
     ‘vignette_titanic.Rmd’
    
    Error: Vignette re-building failed.
    Execution halted
Flavor: r-patched-osx-x86_64