CRAN Package Check Results for Package inferference

Last updated on 2020-04-25 01:53:05 CEST.

Flavor Version Tinstall Tcheck Ttotal Status Flags
r-devel-linux-x86_64-debian-clang 1.0.0 3.23 339.09 342.32 OK
r-devel-linux-x86_64-debian-gcc 1.0.0 2.67 244.30 246.97 OK
r-devel-linux-x86_64-fedora-clang 1.0.0 379.35 OK
r-devel-linux-x86_64-fedora-gcc 1.0.0 387.60 OK
r-devel-windows-ix86+x86_64 1.0.0 9.00 326.00 335.00 OK
r-patched-linux-x86_64 1.0.0 3.28 324.97 328.25 OK
r-patched-osx-x86_64 1.0.0 WARN
r-patched-solaris-x86 1.0.0 444.30 OK
r-release-linux-x86_64 1.0.0 2.88 293.56 296.44 OK
r-release-windows-ix86+x86_64 1.0.0 7.00 310.00 317.00 OK
r-release-osx-x86_64 1.0.0 OK
r-oldrel-windows-ix86+x86_64 1.0.0 3.00 383.00 386.00 OK
r-oldrel-osx-x86_64 1.0.0 OK

Check Details

Version: 1.0.0
Check: re-building of vignette outputs
Result: WARN
    Error(s) in re-building vignettes:
    --- re-building ‘inferference_intro.Rmd’ using rmarkdown
    dyld: lazy symbol binding failed: Symbol not found: ____chkstk_darwin
     Referenced from: /usr/local/bin/pandoc (which was built for Mac OS X 10.15)
     Expected in: /usr/lib/libSystem.B.dylib
    
    dyld: Symbol not found: ____chkstk_darwin
     Referenced from: /usr/local/bin/pandoc (which was built for Mac OS X 10.15)
     Expected in: /usr/lib/libSystem.B.dylib
    
    Error: processing vignette 'inferference_intro.Rmd' failed with diagnostics:
    pandoc document conversion failed with error 6
    --- failed re-building ‘inferference_intro.Rmd’
    
    --- re-building ‘inferference_plots.Rmd’ using rmarkdown
    dyld: lazy symbol binding failed: Symbol not found: ____chkstk_darwin
     Referenced from: /usr/local/bin/pandoc (which was built for Mac OS X 10.15)
     Expected in: /usr/lib/libSystem.B.dylib
    
    dyld: Symbol not found: ____chkstk_darwin
     Referenced from: /usr/local/bin/pandoc (which was built for Mac OS X 10.15)
     Expected in: /usr/lib/libSystem.B.dylib
    
    Error: processing vignette 'inferference_plots.Rmd' failed with diagnostics:
    pandoc document conversion failed with error 6
    --- failed re-building ‘inferference_plots.Rmd’
    
    SUMMARY: processing the following files failed:
     ‘inferference_intro.Rmd’ ‘inferference_plots.Rmd’
    
    Error: Vignette re-building failed.
    Execution halted
Flavor: r-patched-osx-x86_64