CRAN Package Check Results for Package inca

Last updated on 2020-04-25 01:53:05 CEST.

Flavor Version Tinstall Tcheck Ttotal Status Flags
r-devel-linux-x86_64-debian-clang 0.0.4 48.95 56.35 105.30 OK
r-devel-linux-x86_64-debian-gcc 0.0.4 32.40 45.64 78.04 OK
r-devel-linux-x86_64-fedora-clang 0.0.4 141.69 NOTE
r-devel-linux-x86_64-fedora-gcc 0.0.4 126.79 OK
r-devel-windows-ix86+x86_64 0.0.4 95.00 103.00 198.00 OK
r-patched-linux-x86_64 0.0.4 32.71 55.54 88.25 OK
r-patched-osx-x86_64 0.0.4 OK
r-patched-solaris-x86 0.0.4 152.70 OK
r-release-linux-x86_64 0.0.4 35.99 52.02 88.01 OK
r-release-windows-ix86+x86_64 0.0.4 89.00 95.00 184.00 OK
r-release-osx-x86_64 0.0.4 OK
r-oldrel-windows-ix86+x86_64 0.0.4 51.00 130.00 181.00 OK
r-oldrel-osx-x86_64 0.0.4 OK

Check Details

Version: 0.0.4
Check: installed package size
Result: NOTE
     installed size is 5.5Mb
     sub-directories of 1Mb or more:
     libs 5.3Mb
Flavor: r-devel-linux-x86_64-fedora-clang