CRAN Package Check Results for Package imputePSF

Last updated on 2020-04-25 01:53:05 CEST.

Flavor Version Tinstall Tcheck Ttotal Status Flags
r-devel-linux-x86_64-debian-clang 0.1.0 2.75 24.49 27.24 NOTE
r-devel-linux-x86_64-debian-gcc 0.1.0 2.13 19.28 21.41 NOTE
r-devel-linux-x86_64-fedora-clang 0.1.0 32.60 NOTE
r-devel-linux-x86_64-fedora-gcc 0.1.0 32.71 NOTE
r-devel-windows-ix86+x86_64 0.1.0 14.00 38.00 52.00 NOTE
r-patched-linux-x86_64 0.1.0 2.75 23.49 26.24 NOTE
r-patched-osx-x86_64 0.1.0 NOTE
r-patched-solaris-x86 0.1.0 54.60 NOTE
r-release-linux-x86_64 0.1.0 2.35 22.29 24.64 NOTE
r-release-windows-ix86+x86_64 0.1.0 12.00 37.00 49.00 NOTE
r-release-osx-x86_64 0.1.0 NOTE
r-oldrel-windows-ix86+x86_64 0.1.0 3.00 52.00 55.00 NOTE
r-oldrel-osx-x86_64 0.1.0 NOTE

Check Details

Version: 0.1.0
Check: R code for possible problems
Result: NOTE
    heal_data: no visible global function definition for 'optimum_k'
    heal_data: no visible global function definition for 'optimum_w'
    heal_data: no visible global function definition for 'pred_for_w'
    Undefined global functions or variables:
     optimum_k optimum_w pred_for_w
Flavors: r-devel-linux-x86_64-debian-clang, r-devel-linux-x86_64-debian-gcc, r-devel-linux-x86_64-fedora-clang, r-devel-linux-x86_64-fedora-gcc, r-devel-windows-ix86+x86_64, r-patched-linux-x86_64, r-patched-osx-x86_64, r-patched-solaris-x86, r-release-linux-x86_64, r-release-windows-ix86+x86_64, r-release-osx-x86_64, r-oldrel-windows-ix86+x86_64, r-oldrel-osx-x86_64