CRAN Package Check Results for Package importinegi

Last updated on 2020-04-25 01:53:05 CEST.

Flavor Version Tinstall Tcheck Ttotal Status Flags
r-devel-linux-x86_64-debian-clang 1.1.1 2.89 28.16 31.05 OK
r-devel-linux-x86_64-debian-gcc 1.1.1 2.87 22.34 25.21 OK
r-devel-linux-x86_64-fedora-clang 1.1.1 40.63 NOTE
r-devel-linux-x86_64-fedora-gcc 1.1.1 39.20 NOTE
r-devel-windows-ix86+x86_64 1.1.1 16.00 41.00 57.00 OK
r-patched-linux-x86_64 1.1.1 3.66 28.06 31.72 OK
r-patched-osx-x86_64 1.1.1 WARN
r-patched-solaris-x86 1.1.1 56.70 NOTE
r-release-linux-x86_64 1.1.1 3.19 25.68 28.87 OK
r-release-windows-ix86+x86_64 1.1.1 10.00 40.00 50.00 OK
r-release-osx-x86_64 1.1.1 NOTE
r-oldrel-windows-ix86+x86_64 1.1.1 4.00 50.00 54.00 OK
r-oldrel-osx-x86_64 1.1.1 NOTE

Check Details

Version: 1.1.1
Check: dependencies in R code
Result: NOTE
    Namespaces in Imports field not imported from:
     ‘data.table’ ‘dplyr’ ‘haven’
     All declared Imports should be used.
Flavors: r-devel-linux-x86_64-fedora-clang, r-devel-linux-x86_64-fedora-gcc, r-patched-osx-x86_64, r-patched-solaris-x86, r-release-osx-x86_64, r-oldrel-osx-x86_64

Version: 1.1.1
Check: re-building of vignette outputs
Result: WARN
    Error(s) in re-building vignettes:
     ...
    --- re-building ‘importinegi.Rmd’ using rmarkdown
    dyld: lazy symbol binding failed: Symbol not found: ____chkstk_darwin
     Referenced from: /usr/local/bin/pandoc (which was built for Mac OS X 10.15)
     Expected in: /usr/lib/libSystem.B.dylib
    
    dyld: Symbol not found: ____chkstk_darwin
     Referenced from: /usr/local/bin/pandoc (which was built for Mac OS X 10.15)
     Expected in: /usr/lib/libSystem.B.dylib
    
    Error: processing vignette 'importinegi.Rmd' failed with diagnostics:
    pandoc document conversion failed with error 6
    --- failed re-building ‘importinegi.Rmd’
    
    SUMMARY: processing the following file failed:
     ‘importinegi.Rmd’
    
    Error: Vignette re-building failed.
    Execution halted
Flavor: r-patched-osx-x86_64