CRAN Package Check Results for Package imgrec

Last updated on 2020-04-25 01:53:05 CEST.

Flavor Version Tinstall Tcheck Ttotal Status Flags
r-devel-linux-x86_64-debian-clang 0.1.0 4.54 38.69 43.23 OK
r-devel-linux-x86_64-debian-gcc 0.1.0 4.30 30.23 34.53 OK
r-devel-linux-x86_64-fedora-clang 0.1.0 55.53 NOTE
r-devel-linux-x86_64-fedora-gcc 0.1.0 53.63 NOTE
r-devel-windows-ix86+x86_64 0.1.0 17.00 55.00 72.00 OK
r-patched-linux-x86_64 0.1.0 4.70 37.77 42.47 OK
r-patched-osx-x86_64 0.1.0 WARN
r-patched-solaris-x86 0.1.0 79.20 NOTE
r-release-linux-x86_64 0.1.0 4.01 34.40 38.41 OK
r-release-windows-ix86+x86_64 0.1.0 13.00 50.00 63.00 OK
r-release-osx-x86_64 0.1.0 NOTE
r-oldrel-windows-ix86+x86_64 0.1.0 6.00 68.00 74.00 OK
r-oldrel-osx-x86_64 0.1.0 NOTE

Check Details

Version: 0.1.0
Check: dependencies in R code
Result: NOTE
    Namespace in Imports field not imported from: ‘knitr’
     All declared Imports should be used.
Flavors: r-devel-linux-x86_64-fedora-clang, r-devel-linux-x86_64-fedora-gcc, r-patched-osx-x86_64, r-patched-solaris-x86, r-release-osx-x86_64, r-oldrel-osx-x86_64

Version: 0.1.0
Check: re-building of vignette outputs
Result: WARN
    Error(s) in re-building vignettes:
     ...
    --- re-building ‘intro.Rmd’ using rmarkdown
    dyld: lazy symbol binding failed: Symbol not found: ____chkstk_darwin
     Referenced from: /usr/local/bin/pandoc (which was built for Mac OS X 10.15)
     Expected in: /usr/lib/libSystem.B.dylib
    
    dyld: Symbol not found: ____chkstk_darwin
     Referenced from: /usr/local/bin/pandoc (which was built for Mac OS X 10.15)
     Expected in: /usr/lib/libSystem.B.dylib
    
    Error: processing vignette 'intro.Rmd' failed with diagnostics:
    pandoc document conversion failed with error 6
    --- failed re-building ‘intro.Rmd’
    
    SUMMARY: processing the following file failed:
     ‘intro.Rmd’
    
    Error: Vignette re-building failed.
    Execution halted
Flavor: r-patched-osx-x86_64