Last updated on 2020-04-25 01:53:05 CEST.
Flavor | Version | Tinstall | Tcheck | Ttotal | Status | Flags |
---|---|---|---|---|---|---|
r-devel-linux-x86_64-debian-clang | 0.9.99 | 2.04 | 25.50 | 27.54 | OK | |
r-devel-linux-x86_64-debian-gcc | 0.9.99 | 1.59 | 20.50 | 22.09 | OK | |
r-devel-linux-x86_64-fedora-clang | 0.9.99 | 36.13 | NOTE | |||
r-devel-linux-x86_64-fedora-gcc | 0.9.99 | 36.19 | NOTE | |||
r-devel-windows-ix86+x86_64 | 0.9.99 | 7.00 | 43.00 | 50.00 | OK | |
r-patched-linux-x86_64 | 0.9.99 | 1.64 | 25.41 | 27.05 | OK | |
r-patched-osx-x86_64 | 0.9.99 | NOTE | ||||
r-patched-solaris-x86 | 0.9.99 | 49.10 | NOTE | |||
r-release-linux-x86_64 | 0.9.99 | 1.69 | 24.07 | 25.76 | OK | |
r-release-windows-ix86+x86_64 | 0.9.99 | 6.00 | 42.00 | 48.00 | OK | |
r-release-osx-x86_64 | 0.9.99 | NOTE | ||||
r-oldrel-windows-ix86+x86_64 | 0.9.99 | 3.00 | 50.00 | 53.00 | OK | |
r-oldrel-osx-x86_64 | 0.9.99 | NOTE |
Version: 0.9.99
Check: data for non-ASCII characters
Result: NOTE
Note: found 40 marked UTF-8 strings
Flavors: r-devel-linux-x86_64-fedora-clang, r-devel-linux-x86_64-fedora-gcc, r-patched-osx-x86_64, r-patched-solaris-x86, r-release-osx-x86_64, r-oldrel-osx-x86_64