CRAN Package Check Results for Package iemiscdata

Last updated on 2020-04-25 01:53:05 CEST.

Flavor Version Tinstall Tcheck Ttotal Status Flags
r-devel-linux-x86_64-debian-clang 0.6.1 2.48 24.60 27.08 NOTE
r-devel-linux-x86_64-debian-gcc 0.6.1 1.68 19.77 21.45 NOTE
r-devel-linux-x86_64-fedora-clang 0.6.1 36.54 NOTE
r-devel-linux-x86_64-fedora-gcc 0.6.1 34.80 NOTE
r-devel-windows-ix86+x86_64 0.6.1 11.00 43.00 54.00 NOTE
r-patched-linux-x86_64 0.6.1 1.96 24.42 26.38 NOTE
r-patched-osx-x86_64 0.6.1 NOTE
r-patched-solaris-x86 0.6.1 47.50 NOTE
r-release-linux-x86_64 0.6.1 1.54 22.98 24.52 NOTE
r-release-windows-ix86+x86_64 0.6.1 10.00 62.00 72.00 NOTE
r-release-osx-x86_64 0.6.1 NOTE
r-oldrel-windows-ix86+x86_64 0.6.1 4.00 38.00 42.00 NOTE
r-oldrel-osx-x86_64 0.6.1 NOTE

Check Details

Version: 0.6.1
Check: package dependencies
Result: NOTE
    Packages suggested but not available for checking: 'ie2misc', 'ie2miscdata'
Flavors: r-devel-linux-x86_64-debian-clang, r-devel-linux-x86_64-debian-gcc, r-devel-linux-x86_64-fedora-clang, r-devel-linux-x86_64-fedora-gcc, r-patched-linux-x86_64, r-patched-solaris-x86, r-release-linux-x86_64

Version: 0.6.1
Check: data for non-ASCII characters
Result: NOTE
     Note: found 1 marked UTF-8 string
Flavors: r-devel-linux-x86_64-fedora-clang, r-devel-linux-x86_64-fedora-gcc, r-patched-osx-x86_64, r-patched-solaris-x86, r-release-osx-x86_64, r-oldrel-osx-x86_64

Version: 0.6.1
Check: package dependencies
Result: NOTE
    Package suggested but not available for checking: 'ie2miscdata'
Flavors: r-devel-windows-ix86+x86_64, r-patched-osx-x86_64, r-release-windows-ix86+x86_64, r-release-osx-x86_64, r-oldrel-windows-ix86+x86_64, r-oldrel-osx-x86_64