CRAN Package Check Results for Package identity

Last updated on 2020-04-25 01:53:04 CEST.

Flavor Version Tinstall Tcheck Ttotal Status Flags
r-devel-linux-x86_64-debian-clang 0.2-1 3.59 16.64 20.23 NOTE
r-devel-linux-x86_64-debian-gcc 0.2-1 2.38 13.75 16.13 NOTE
r-devel-linux-x86_64-fedora-clang 0.2-1 26.03 NOTE
r-devel-linux-x86_64-fedora-gcc 0.2-1 24.88 NOTE
r-devel-windows-ix86+x86_64 0.2-1 14.00 34.00 48.00 OK
r-patched-linux-x86_64 0.2-1 2.86 16.75 19.61 NOTE
r-patched-osx-x86_64 0.2-1 OK
r-patched-solaris-x86 0.2-1 37.60 OK
r-release-linux-x86_64 0.2-1 2.40 15.55 17.95 NOTE
r-release-windows-ix86+x86_64 0.2-1 9.00 43.00 52.00 OK
r-release-osx-x86_64 0.2-1 OK
r-oldrel-windows-ix86+x86_64 0.2-1 9.00 31.00 40.00 OK
r-oldrel-osx-x86_64 0.2-1 OK

Check Details

Version: 0.2-1
Check: top-level files
Result: NOTE
    Non-standard file/directory found at top level:
     'README.Idcoefs2b1.txt'
Flavors: r-devel-linux-x86_64-debian-clang, r-devel-linux-x86_64-debian-gcc, r-devel-linux-x86_64-fedora-clang, r-devel-linux-x86_64-fedora-gcc, r-patched-linux-x86_64, r-release-linux-x86_64

Version: 0.2-1
Check: compiled code
Result: NOTE
    File ‘identity/libs/identity.so’:
     Found no calls to: ‘R_registerRoutines’, ‘R_useDynamicSymbols’
    
    It is good practice to register native routines and to disable symbol
    search.
    
    See ‘Writing portable packages’ in the ‘Writing R Extensions’ manual.
Flavors: r-devel-linux-x86_64-fedora-clang, r-devel-linux-x86_64-fedora-gcc