CRAN Package Check Results for Package idendr0

Last updated on 2020-04-25 01:53:04 CEST.

Flavor Version Tinstall Tcheck Ttotal Status Flags
r-devel-linux-x86_64-debian-clang 1.5.3 6.30 35.97 42.27 OK
r-devel-linux-x86_64-debian-gcc 1.5.3 5.04 29.16 34.20 OK
r-devel-linux-x86_64-fedora-clang 1.5.3 53.12 OK
r-devel-linux-x86_64-fedora-gcc 1.5.3 52.84 OK
r-devel-windows-ix86+x86_64 1.5.3 13.00 48.00 61.00 OK
r-patched-linux-x86_64 1.5.3 6.84 36.97 43.81 OK
r-patched-osx-x86_64 1.5.3 NOTE
r-patched-solaris-x86 1.5.3 67.10 NOTE
r-release-linux-x86_64 1.5.3 5.93 34.09 40.02 OK
r-release-windows-ix86+x86_64 1.5.3 11.00 44.00 55.00 OK
r-release-osx-x86_64 1.5.3 NOTE
r-oldrel-windows-ix86+x86_64 1.5.3 7.00 59.00 66.00 OK
r-oldrel-osx-x86_64 1.5.3 NOTE

Check Details

Version: 1.5.3
Check: package dependencies
Result: NOTE
    Package suggested but not available for checking: ‘rggobi’
Flavors: r-patched-osx-x86_64, r-patched-solaris-x86, r-release-osx-x86_64, r-oldrel-osx-x86_64