CRAN Package Check Results for Package idem

Last updated on 2020-04-25 01:53:04 CEST.

Flavor Version Tinstall Tcheck Ttotal Status Flags
r-devel-linux-x86_64-debian-clang 4.0 103.49 148.21 251.70 NOTE
r-devel-linux-x86_64-debian-gcc 4.0 100.77 115.55 216.32 NOTE
r-devel-linux-x86_64-fedora-clang 4.0 330.65 NOTE
r-devel-linux-x86_64-fedora-gcc 4.0 361.47 NOTE
r-devel-windows-ix86+x86_64 4.0 269.00 216.00 485.00 NOTE
r-patched-linux-x86_64 4.0 98.66 147.90 246.56 NOTE
r-patched-osx-x86_64 4.0 WARN
r-patched-solaris-x86 4.0 391.70 NOTE
r-release-linux-x86_64 4.0 82.30 132.29 214.59 NOTE
r-release-windows-ix86+x86_64 4.0 249.00 202.00 451.00 NOTE
r-release-osx-x86_64 4.0 FAIL
r-oldrel-windows-ix86+x86_64 4.0 171.00 251.00 422.00 NOTE
r-oldrel-osx-x86_64 4.0 NOTE

Check Details

Version: 4.0
Check: for GNU extensions in Makefiles
Result: NOTE
    GNU make is a SystemRequirements.
Flavors: r-devel-linux-x86_64-debian-clang, r-devel-linux-x86_64-debian-gcc, r-devel-linux-x86_64-fedora-clang, r-devel-linux-x86_64-fedora-gcc, r-devel-windows-ix86+x86_64, r-patched-linux-x86_64, r-patched-osx-x86_64, r-patched-solaris-x86, r-release-linux-x86_64, r-release-windows-ix86+x86_64, r-release-osx-x86_64, r-oldrel-windows-ix86+x86_64, r-oldrel-osx-x86_64

Version: 4.0
Check: installed package size
Result: NOTE
     installed size is 26.8Mb
     sub-directories of 1Mb or more:
     doc 1.0Mb
     libs 25.2Mb
Flavors: r-devel-linux-x86_64-fedora-clang, r-devel-windows-ix86+x86_64, r-patched-osx-x86_64, r-release-osx-x86_64, r-oldrel-osx-x86_64

Version: 4.0
Check: dependencies in R code
Result: NOTE
    Namespace in Imports field not imported from: ‘rstantools’
     All declared Imports should be used.
Flavors: r-devel-linux-x86_64-fedora-clang, r-devel-linux-x86_64-fedora-gcc, r-patched-osx-x86_64, r-patched-solaris-x86, r-release-osx-x86_64, r-oldrel-osx-x86_64

Version: 4.0
Check: re-building of vignette outputs
Result: WARN
    Error(s) in re-building vignettes:
     ...
    --- re-building ‘vignette.Rmd’ using rmarkdown
    dyld: lazy symbol binding failed: Symbol not found: ____chkstk_darwin
     Referenced from: /usr/local/bin/pandoc (which was built for Mac OS X 10.15)
     Expected in: /usr/lib/libSystem.B.dylib
    
    dyld: Symbol not found: ____chkstk_darwin
     Referenced from: /usr/local/bin/pandoc (which was built for Mac OS X 10.15)
     Expected in: /usr/lib/libSystem.B.dylib
    
    Error: processing vignette 'vignette.Rmd' failed with diagnostics:
    pandoc document conversion failed with error 6
    --- failed re-building ‘vignette.Rmd’
    
    SUMMARY: processing the following file failed:
     ‘vignette.Rmd’
    
    Error: Vignette re-building failed.
    Execution halted
Flavor: r-patched-osx-x86_64

Version: 4.0
Check: re-building of vignette outputs
Result: FAIL
Flavor: r-release-osx-x86_64