CRAN Package Check Results for Package ibmsunburst

Last updated on 2020-04-25 01:53:04 CEST.

Flavor Version Tinstall Tcheck Ttotal Status Flags
r-devel-linux-x86_64-debian-clang 0.1.1 2.84 29.77 32.61 NOTE
r-devel-linux-x86_64-debian-gcc 0.1.1 2.16 23.76 25.92 NOTE
r-devel-linux-x86_64-fedora-clang 0.1.1 40.34 OK
r-devel-linux-x86_64-fedora-gcc 0.1.1 39.87 OK
r-devel-windows-ix86+x86_64 0.1.1 10.00 44.00 54.00 NOTE
r-patched-linux-x86_64 0.1.1 2.54 29.36 31.90 NOTE
r-patched-osx-x86_64 0.1.1 WARN
r-patched-solaris-x86 0.1.1 62.20 WARN
r-release-linux-x86_64 0.1.1 2.11 27.32 29.43 OK
r-release-windows-ix86+x86_64 0.1.1 8.00 42.00 50.00 OK
r-release-osx-x86_64 0.1.1 WARN
r-oldrel-windows-ix86+x86_64 0.1.1 3.00 56.00 59.00 OK
r-oldrel-osx-x86_64 0.1.1 WARN

Check Details

Version: 0.1.1
Check: package vignettes
Result: NOTE
    Package vignette with placeholder title 'Vignette Title':
     'ibmsunburst.Rmd'
Flavors: r-devel-linux-x86_64-debian-clang, r-devel-linux-x86_64-debian-gcc, r-devel-windows-ix86+x86_64, r-patched-linux-x86_64

Version: 0.1.1
Check: re-building of vignette outputs
Result: WARN
    Error(s) in re-building vignettes:
     ...
    --- re-building ‘ibmsunburst.Rmd’ using rmarkdown
    dyld: lazy symbol binding failed: Symbol not found: ____chkstk_darwin
     Referenced from: /usr/local/bin/pandoc (which was built for Mac OS X 10.15)
     Expected in: /usr/lib/libSystem.B.dylib
    
    dyld: Symbol not found: ____chkstk_darwin
     Referenced from: /usr/local/bin/pandoc (which was built for Mac OS X 10.15)
     Expected in: /usr/lib/libSystem.B.dylib
    
    Error: processing vignette 'ibmsunburst.Rmd' failed with diagnostics:
    pandoc document conversion failed with error 6
    --- failed re-building ‘ibmsunburst.Rmd’
    
    SUMMARY: processing the following file failed:
     ‘ibmsunburst.Rmd’
    
    Error: Vignette re-building failed.
    Execution halted
Flavor: r-patched-osx-x86_64

Version: 0.1.1
Check: re-building of vignette outputs
Result: WARN
    Error(s) in re-building vignettes:
     ...
    --- re-building ‘ibmsunburst.Rmd’ using rmarkdown
    Warning in engine$weave(file, quiet = quiet, encoding = enc) :
     Pandoc (>= 1.12.3) and/or pandoc-citeproc not available. Falling back to R Markdown v1.
    Quitting from lines 25-37 (ibmsunburst.Rmd)
    Error: processing vignette 'ibmsunburst.Rmd' failed with diagnostics:
    there is no package called 'webshot'
    --- failed re-building ‘ibmsunburst.Rmd’
    
    SUMMARY: processing the following file failed:
     ‘ibmsunburst.Rmd’
    
    Error: Vignette re-building failed.
    Execution halted
Flavor: r-patched-solaris-x86

Version: 0.1.1
Check: re-building of vignette outputs
Result: WARN
    Error(s) in re-building vignettes:
     ...
    --- re-building ‘ibmsunburst.Rmd’ using rmarkdown
    Warning in engine$weave(file, quiet = quiet, encoding = enc) :
     Pandoc (>= 1.12.3) and/or pandoc-citeproc not available. Falling back to R Markdown v1.
    Quitting from lines 25-37 (ibmsunburst.Rmd)
    Error: processing vignette 'ibmsunburst.Rmd' failed with diagnostics:
    cannot open the connection
    --- failed re-building ‘ibmsunburst.Rmd’
    
    SUMMARY: processing the following file failed:
     ‘ibmsunburst.Rmd’
    
    Error: Vignette re-building failed.
    Execution halted
Flavor: r-release-osx-x86_64

Version: 0.1.1
Check: re-building of vignette outputs
Result: WARN
    Error in re-building vignettes:
     ...
    Warning in engine$weave(file, quiet = quiet, encoding = enc) :
     Pandoc (>= 1.12.3) and/or pandoc-citeproc not available. Falling back to R Markdown v1.
    Quitting from lines 25-37 (ibmsunburst.Rmd)
    Error: processing vignette 'ibmsunburst.Rmd' failed with diagnostics:
    cannot open the connection
    Execution halted
Flavor: r-oldrel-osx-x86_64