Last updated on 2020-04-25 01:53:05 CEST.
Flavor | Version | Tinstall | Tcheck | Ttotal | Status | Flags |
---|---|---|---|---|---|---|
r-devel-linux-x86_64-debian-clang | 1.0 | 2.52 | 23.55 | 26.07 | OK | |
r-devel-linux-x86_64-debian-gcc | 1.0 | 2.04 | 18.95 | 20.99 | OK | |
r-devel-linux-x86_64-fedora-clang | 1.0 | 32.73 | NOTE | |||
r-devel-linux-x86_64-fedora-gcc | 1.0 | 32.34 | NOTE | |||
r-devel-windows-ix86+x86_64 | 1.0 | 9.00 | 37.00 | 46.00 | OK | |
r-patched-linux-x86_64 | 1.0 | 2.76 | 23.63 | 26.39 | OK | |
r-patched-osx-x86_64 | 1.0 | NOTE | ||||
r-patched-solaris-x86 | 1.0 | 49.60 | NOTE | |||
r-release-linux-x86_64 | 1.0 | 2.06 | 22.02 | 24.08 | OK | |
r-release-windows-ix86+x86_64 | 1.0 | 11.00 | 37.00 | 48.00 | OK | |
r-release-osx-x86_64 | 1.0 | NOTE | ||||
r-oldrel-windows-ix86+x86_64 | 1.0 | 3.00 | 36.00 | 39.00 | OK | |
r-oldrel-osx-x86_64 | 1.0 | NOTE |
Version: 1.0
Check: dependencies in R code
Result: NOTE
Namespaces in Imports field not imported from:
‘colorRamps’ ‘virtualspecies’
All declared Imports should be used.
Flavors: r-devel-linux-x86_64-fedora-clang, r-devel-linux-x86_64-fedora-gcc, r-patched-osx-x86_64, r-patched-solaris-x86, r-release-osx-x86_64, r-oldrel-osx-x86_64