CRAN Package Check Results for Package iCellR

Last updated on 2020-04-25 01:53:04 CEST.

Flavor Version Tinstall Tcheck Ttotal Status Flags
r-devel-linux-x86_64-debian-clang 1.4.5 24.54 167.12 191.66 OK
r-devel-linux-x86_64-debian-gcc 1.4.5 18.27 127.25 145.52 OK
r-devel-linux-x86_64-fedora-clang 1.4.5 221.69 NOTE
r-devel-linux-x86_64-fedora-gcc 1.4.5 224.99 OK
r-devel-windows-ix86+x86_64 1.4.5 85.00 181.00 266.00 OK
r-patched-linux-x86_64 1.4.5 21.99 160.00 181.99 OK
r-patched-osx-x86_64 1.4.5 OK
r-patched-solaris-x86 1.4.5 314.70 OK
r-release-linux-x86_64 1.4.5 14.50 152.41 166.91 OK
r-release-windows-ix86+x86_64 1.4.5 59.00 168.00 227.00 OK
r-release-osx-x86_64 1.4.5 OK
r-oldrel-windows-ix86+x86_64 1.4.5 26.00 221.00 247.00 OK
r-oldrel-osx-x86_64 1.3.3 OK

Check Details

Version: 1.4.5
Check: package dependencies
Result: NOTE
    Imports includes 21 non-default packages.
    Importing from so many packages makes the package vulnerable to any of
    them becoming unavailable. Move as many as possible to Suggests and
    use conditionally.
Flavor: r-devel-linux-x86_64-fedora-clang