CRAN Package Check Results for Package iCARH

Last updated on 2020-04-25 01:53:04 CEST.

Flavor Version Tinstall Tcheck Ttotal Status Flags
r-devel-linux-x86_64-debian-clang 2.0.1.1 8.23 277.20 285.43 OK
r-devel-linux-x86_64-debian-gcc 2.0.1.1 6.47 203.65 210.12 OK
r-devel-linux-x86_64-fedora-clang 2.0.1.1 175.58 OK
r-devel-linux-x86_64-fedora-gcc 2.0.1.1 179.75 OK
r-devel-windows-ix86+x86_64 2.0.1.1 25.00 224.00 249.00 OK
r-patched-linux-x86_64 2.0.1.1 6.23 249.88 256.11 OK
r-patched-osx-x86_64 2.0.1.1 ERROR
r-patched-solaris-x86 2.0.1.1 226.70 WARN
r-release-linux-x86_64 2.0.1.1 4.43 241.16 245.59 OK
r-release-windows-ix86+x86_64 2.0.1.1 24.00 217.00 241.00 OK
r-release-osx-x86_64 2.0.1.1 WARN
r-oldrel-windows-ix86+x86_64 2.0.1.1 9.00 232.00 241.00 OK
r-oldrel-osx-x86_64 2.0.1.1 WARN

Check Details

Version: 2.0.1.1
Check: package dependencies
Result: ERROR
    Package required but not available: ‘KEGGgraph’
    
    See section ‘The DESCRIPTION file’ in the ‘Writing R Extensions’
    manual.
Flavor: r-patched-osx-x86_64

Version: 2.0.1.1
Check: re-building of vignette outputs
Result: WARN
    Error(s) in re-building vignettes:
     ...
    --- re-building ‘example.Rmd’ using rmarkdown
    Warning in engine$weave(file, quiet = quiet, encoding = enc) :
     Pandoc (>= 1.12.3) and/or pandoc-citeproc not available. Falling back to R Markdown v1.
    Quitting from lines 62-70 (example.Rmd)
    Quitting from lines 62-70 (example.Rmd)
    Error: processing vignette 'example.Rmd' failed with diagnostics:
    invalid connection
    --- failed re-building ‘example.Rmd’
    
    SUMMARY: processing the following file failed:
     ‘example.Rmd’
    
    Error: Vignette re-building failed.
    Execution halted
Flavor: r-patched-solaris-x86

Version: 2.0.1.1
Check: re-building of vignette outputs
Result: WARN
    Error(s) in re-building vignettes:
     ...
    --- re-building ‘example.Rmd’ using rmarkdown
    Warning in engine$weave(file, quiet = quiet, encoding = enc) :
     Pandoc (>= 1.12.3) and/or pandoc-citeproc not available. Falling back to R Markdown v1.
    Quitting from lines 84-88 (example.Rmd)
    Error: processing vignette 'example.Rmd' failed with diagnostics:
    argument of length 0
    --- failed re-building ‘example.Rmd’
    
    SUMMARY: processing the following file failed:
     ‘example.Rmd’
    
    Error: Vignette re-building failed.
    Execution halted
Flavor: r-release-osx-x86_64

Version: 2.0.1.1
Check: re-building of vignette outputs
Result: WARN
    Error in re-building vignettes:
     ...
    Warning in engine$weave(file, quiet = quiet, encoding = enc) :
     Pandoc (>= 1.12.3) and/or pandoc-citeproc not available. Falling back to R Markdown v1.
    Quitting from lines 84-88 (example.Rmd)
    Error: processing vignette 'example.Rmd' failed with diagnostics:
    argument of length 0
    Execution halted
Flavor: r-oldrel-osx-x86_64