CRAN Package Check Results for Package hyperSpec

Last updated on 2020-04-25 01:53:04 CEST.

Flavor Version Tinstall Tcheck Ttotal Status Flags
r-devel-linux-x86_64-debian-clang 0.99-20200213.1 18.74 276.72 295.46 OK
r-devel-linux-x86_64-debian-gcc 0.99-20200213.1 15.71 207.27 222.98 OK
r-devel-linux-x86_64-fedora-clang 0.99-20200213.1 356.74 OK
r-devel-linux-x86_64-fedora-gcc 0.99-20200213.1 359.25 OK
r-devel-windows-ix86+x86_64 0.99-20200213.1 44.00 302.00 346.00 OK
r-patched-linux-x86_64 0.99-20200213.1 16.14 266.17 282.31 OK
r-patched-osx-x86_64 0.99-20200213.1 OK
r-patched-solaris-x86 0.99-20200213.1 420.00 OK
r-release-linux-x86_64 0.99-20200213.1 16.09 249.20 265.29 OK
r-release-windows-ix86+x86_64 0.99-20200213.1 39.00 394.00 433.00 OK
r-release-osx-x86_64 0.99-20200213.1 OK
r-oldrel-osx-x86_64 0.99-20200213 ERROR

Check Details

Version: 0.99-20200213
Check: whether package can be installed
Result: ERROR
    Installation failed.
Flavor: r-oldrel-osx-x86_64