CRAN Package Check Results for Package hydroscoper

Last updated on 2020-04-25 01:53:04 CEST.

Flavor Version Tinstall Tcheck Ttotal Status Flags
r-devel-linux-x86_64-debian-clang 1.3 2.84 38.95 41.79 OK
r-devel-linux-x86_64-debian-gcc 1.3 2.25 30.12 32.37 OK
r-devel-linux-x86_64-fedora-clang 1.3 51.87 NOTE
r-devel-linux-x86_64-fedora-gcc 1.3 50.55 NOTE
r-devel-windows-ix86+x86_64 1.3 12.00 60.00 72.00 OK
r-patched-linux-x86_64 1.3 2.90 37.58 40.48 OK
r-patched-osx-x86_64 1.3 WARN
r-patched-solaris-x86 1.3 73.10 NOTE
r-release-linux-x86_64 1.3 2.19 35.89 38.08 OK
r-release-windows-ix86+x86_64 1.3 13.00 77.00 90.00 OK
r-release-osx-x86_64 1.3 NOTE
r-oldrel-windows-ix86+x86_64 1.3 4.00 58.00 62.00 OK
r-oldrel-osx-x86_64 1.3 NOTE

Check Details

Version: 1.3
Check: data for non-ASCII characters
Result: NOTE
     Note: found 3026 marked UTF-8 strings
Flavors: r-devel-linux-x86_64-fedora-clang, r-devel-linux-x86_64-fedora-gcc, r-patched-osx-x86_64, r-patched-solaris-x86, r-release-osx-x86_64, r-oldrel-osx-x86_64

Version: 1.3
Check: re-building of vignette outputs
Result: WARN
    Error(s) in re-building vignettes:
    --- re-building ‘intro_hydroscoper.Rmd’ using rmarkdown
    dyld: lazy symbol binding failed: Symbol not found: ____chkstk_darwin
     Referenced from: /usr/local/bin/pandoc (which was built for Mac OS X 10.15)
     Expected in: /usr/lib/libSystem.B.dylib
    
    dyld: Symbol not found: ____chkstk_darwin
     Referenced from: /usr/local/bin/pandoc (which was built for Mac OS X 10.15)
     Expected in: /usr/lib/libSystem.B.dylib
    
    Error: processing vignette 'intro_hydroscoper.Rmd' failed with diagnostics:
    pandoc document conversion failed with error 6
    --- failed re-building ‘intro_hydroscoper.Rmd’
    
    --- re-building ‘stations_with_data.Rmd’ using rmarkdown
    dyld: lazy symbol binding failed: Symbol not found: ____chkstk_darwin
     Referenced from: /usr/local/bin/pandoc (which was built for Mac OS X 10.15)
     Expected in: /usr/lib/libSystem.B.dylib
    
    dyld: Symbol not found: ____chkstk_darwin
     Referenced from: /usr/local/bin/pandoc (which was built for Mac OS X 10.15)
     Expected in: /usr/lib/libSystem.B.dylib
    
    Error: processing vignette 'stations_with_data.Rmd' failed with diagnostics:
    pandoc document conversion failed with error 6
    --- failed re-building ‘stations_with_data.Rmd’
    
    SUMMARY: processing the following files failed:
     ‘intro_hydroscoper.Rmd’ ‘stations_with_data.Rmd’
    
    Error: Vignette re-building failed.
    Execution halted
Flavor: r-patched-osx-x86_64