CRAN Package Check Results for Package hydroTSM

Last updated on 2020-04-25 01:53:04 CEST.

Flavor Version Tinstall Tcheck Ttotal Status Flags
r-devel-linux-x86_64-debian-clang 0.6-0 10.90 92.92 103.82 OK
r-devel-linux-x86_64-debian-gcc 0.6-0 10.18 72.59 82.77 OK
r-devel-linux-x86_64-fedora-clang 0.6-0 127.46 OK
r-devel-linux-x86_64-fedora-gcc 0.6-0 135.56 OK
r-devel-windows-ix86+x86_64 0.6-0 36.00 152.00 188.00 OK
r-patched-linux-x86_64 0.6-0 10.86 91.37 102.23 OK
r-patched-osx-x86_64 0.6-0 WARN
r-patched-solaris-x86 0.6-0 186.30 OK
r-release-linux-x86_64 0.6-0 10.13 84.42 94.55 OK
r-release-windows-ix86+x86_64 0.6-0 32.00 140.00 172.00 OK
r-release-osx-x86_64 0.6-0 OK
r-oldrel-windows-ix86+x86_64 0.6-0 17.00 173.00 190.00 OK
r-oldrel-osx-x86_64 0.6-0 OK

Check Details

Version: 0.6-0
Check: re-building of vignette outputs
Result: WARN
    Error(s) in re-building vignettes:
     ...
    --- re-building ‘hydroTSM_Vignette-knitr.Rmd’ using rmarkdown
    dyld: lazy symbol binding failed: Symbol not found: ____chkstk_darwin
     Referenced from: /usr/local/bin/pandoc (which was built for Mac OS X 10.15)
     Expected in: /usr/lib/libSystem.B.dylib
    
    dyld: Symbol not found: ____chkstk_darwin
     Referenced from: /usr/local/bin/pandoc (which was built for Mac OS X 10.15)
     Expected in: /usr/lib/libSystem.B.dylib
    
    Error: processing vignette 'hydroTSM_Vignette-knitr.Rmd' failed with diagnostics:
    pandoc document conversion failed with error 6
    --- failed re-building ‘hydroTSM_Vignette-knitr.Rmd’
    
    SUMMARY: processing the following file failed:
     ‘hydroTSM_Vignette-knitr.Rmd’
    
    Error: Vignette re-building failed.
    Execution halted
Flavor: r-patched-osx-x86_64