CRAN Package Check Results for Package hydroPSO

Last updated on 2020-04-25 01:53:04 CEST.

Flavor Version Tinstall Tcheck Ttotal Status Flags
r-devel-linux-x86_64-debian-clang 0.5-0 27.07 157.33 184.40 OK
r-devel-linux-x86_64-debian-gcc 0.5-0 20.90 119.24 140.14 OK
r-devel-linux-x86_64-fedora-clang 0.5-0 223.83 OK
r-devel-linux-x86_64-fedora-gcc 0.5-0 226.04 OK
r-devel-windows-ix86+x86_64 0.5-0 85.00 207.00 292.00 OK
r-patched-linux-x86_64 0.5-0 20.82 152.06 172.88 OK
r-patched-osx-x86_64 0.5-0 WARN
r-patched-solaris-x86 0.5-0 307.10 OK
r-release-linux-x86_64 0.5-0 14.92 139.61 154.53 OK
r-release-windows-ix86+x86_64 0.5-0 61.00 174.00 235.00 OK
r-release-osx-x86_64 0.5-0 WARN
r-oldrel-windows-ix86+x86_64 0.5-0 32.00 239.00 271.00 OK
r-oldrel-osx-x86_64 0.5-0 OK

Check Details

Version: 0.5-0
Check: re-building of vignette outputs
Result: WARN
    Error(s) in re-building vignettes:
    --- re-building ‘hydroPSO_GR4J-vignette-link.Rmd’ using rmarkdown
    dyld: lazy symbol binding failed: Symbol not found: ____chkstk_darwin
     Referenced from: /usr/local/bin/pandoc (which was built for Mac OS X 10.15)
     Expected in: /usr/lib/libSystem.B.dylib
    
    dyld: Symbol not found: ____chkstk_darwin
     Referenced from: /usr/local/bin/pandoc (which was built for Mac OS X 10.15)
     Expected in: /usr/lib/libSystem.B.dylib
    
    Error: processing vignette 'hydroPSO_GR4J-vignette-link.Rmd' failed with diagnostics:
    pandoc document conversion failed with error 6
    --- failed re-building ‘hydroPSO_GR4J-vignette-link.Rmd’
    
    --- re-building ‘hydroPSO_TUWmodel-vignette-link.Rmd’ using rmarkdown
    dyld: lazy symbol binding failed: Symbol not found: ____chkstk_darwin
     Referenced from: /usr/local/bin/pandoc (which was built for Mac OS X 10.15)
     Expected in: /usr/lib/libSystem.B.dylib
    
    dyld: Symbol not found: ____chkstk_darwin
     Referenced from: /usr/local/bin/pandoc (which was built for Mac OS X 10.15)
     Expected in: /usr/lib/libSystem.B.dylib
    
    Error: processing vignette 'hydroPSO_TUWmodel-vignette-link.Rmd' failed with diagnostics:
    pandoc document conversion failed with error 6
    --- failed re-building ‘hydroPSO_TUWmodel-vignette-link.Rmd’
    
    SUMMARY: processing the following files failed:
     ‘hydroPSO_GR4J-vignette-link.Rmd’
     ‘hydroPSO_TUWmodel-vignette-link.Rmd’
    
    Error: Vignette re-building failed.
    Execution halted
Flavor: r-patched-osx-x86_64

Version: 0.5-0
Check: dependencies in R code
Result: NOTE
    No protocol specified
    No protocol specified
Flavor: r-release-osx-x86_64

Version: 0.5-0
Check: S3 generic/method consistency
Result: WARN
    No protocol specified
    No protocol specified
    See section ‘Generic functions and methods’ in the ‘Writing R
    Extensions’ manual.
Flavor: r-release-osx-x86_64

Version: 0.5-0
Check: replacement functions
Result: WARN
    No protocol specified
    No protocol specified
    The argument of a replacement function which corresponds to the right
    hand side must be named ‘value’.
Flavor: r-release-osx-x86_64

Version: 0.5-0
Check: foreign function calls
Result: NOTE
    No protocol specified
    No protocol specified
    See chapter ‘System and foreign language interfaces’ in the ‘Writing R
    Extensions’ manual.
Flavor: r-release-osx-x86_64

Version: 0.5-0
Check: R code for possible problems
Result: NOTE
    No protocol specified
    No protocol specified
Flavor: r-release-osx-x86_64

Version: 0.5-0
Check: for missing documentation entries
Result: WARN
    No protocol specified
    No protocol specified
    All user-level objects in a package should have documentation entries.
    See chapter ‘Writing R documentation files’ in the ‘Writing R
    Extensions’ manual.
Flavor: r-release-osx-x86_64

Version: 0.5-0
Check: for code/documentation mismatches
Result: WARN
    No protocol specified
    No protocol specified
    No protocol specified
    No protocol specified
    No protocol specified
    No protocol specified
Flavor: r-release-osx-x86_64

Version: 0.5-0
Check: Rd \usage sections
Result: NOTE
    No protocol specified
    No protocol specified
    The \usage entries for S3 methods should use the \method markup and not
    their full name.
    See chapter ‘Writing R documentation files’ in the ‘Writing R
    Extensions’ manual.
Flavor: r-release-osx-x86_64