CRAN Package Check Results for Package hwordcloud

Last updated on 2020-04-25 01:53:04 CEST.

Flavor Version Tinstall Tcheck Ttotal Status Flags
r-devel-linux-x86_64-debian-clang 0.1.0 2.93 27.65 30.58 OK
r-devel-linux-x86_64-debian-gcc 0.1.0 2.11 22.06 24.17 OK
r-devel-linux-x86_64-fedora-clang 0.1.0 38.53 NOTE
r-devel-linux-x86_64-fedora-gcc 0.1.0 37.52 NOTE
r-devel-windows-ix86+x86_64 0.1.0 14.00 44.00 58.00 OK
r-patched-linux-x86_64 0.1.0 2.72 27.46 30.18 OK
r-patched-osx-x86_64 0.1.0 WARN
r-patched-solaris-x86 0.1.0 55.80 WARN
r-release-linux-x86_64 0.1.0 1.71 25.51 27.22 OK
r-release-windows-ix86+x86_64 0.1.0 12.00 43.00 55.00 OK
r-release-osx-x86_64 0.1.0 WARN
r-oldrel-windows-ix86+x86_64 0.1.0 4.00 58.00 62.00 OK
r-oldrel-osx-x86_64 0.1.0 WARN

Check Details

Version: 0.1.0
Check: dependencies in R code
Result: NOTE
    Namespaces in Imports field not imported from:
     ‘colourpicker’ ‘shiny’ ‘wordcloud2’
     All declared Imports should be used.
Flavors: r-devel-linux-x86_64-fedora-clang, r-devel-linux-x86_64-fedora-gcc, r-patched-osx-x86_64, r-patched-solaris-x86, r-release-osx-x86_64, r-oldrel-osx-x86_64

Version: 0.1.0
Check: re-building of vignette outputs
Result: WARN
    Error(s) in re-building vignettes:
     ...
    --- re-building ‘hwordcloud.Rmd’ using rmarkdown
    dyld: lazy symbol binding failed: Symbol not found: ____chkstk_darwin
     Referenced from: /usr/local/bin/pandoc (which was built for Mac OS X 10.15)
     Expected in: /usr/lib/libSystem.B.dylib
    
    dyld: Symbol not found: ____chkstk_darwin
     Referenced from: /usr/local/bin/pandoc (which was built for Mac OS X 10.15)
     Expected in: /usr/lib/libSystem.B.dylib
    
    Error: processing vignette 'hwordcloud.Rmd' failed with diagnostics:
    pandoc document conversion failed with error 6
    --- failed re-building ‘hwordcloud.Rmd’
    
    SUMMARY: processing the following file failed:
     ‘hwordcloud.Rmd’
    
    Error: Vignette re-building failed.
    Execution halted
Flavor: r-patched-osx-x86_64

Version: 0.1.0
Check: re-building of vignette outputs
Result: WARN
    Error(s) in re-building vignettes:
     ...
    --- re-building ‘hwordcloud.Rmd’ using rmarkdown
    Warning in engine$weave(file, quiet = quiet, encoding = enc) :
     Pandoc (>= 1.12.3) and/or pandoc-citeproc not available. Falling back to R Markdown v1.
    Quitting from lines 48-53 (hwordcloud.Rmd)
    Error: processing vignette 'hwordcloud.Rmd' failed with diagnostics:
    there is no package called 'webshot'
    --- failed re-building ‘hwordcloud.Rmd’
    
    SUMMARY: processing the following file failed:
     ‘hwordcloud.Rmd’
    
    Error: Vignette re-building failed.
    Execution halted
Flavor: r-patched-solaris-x86

Version: 0.1.0
Check: re-building of vignette outputs
Result: WARN
    Error(s) in re-building vignettes:
     ...
    --- re-building ‘hwordcloud.Rmd’ using rmarkdown
    Warning in engine$weave(file, quiet = quiet, encoding = enc) :
     Pandoc (>= 1.12.3) and/or pandoc-citeproc not available. Falling back to R Markdown v1.
    Quitting from lines 48-53 (hwordcloud.Rmd)
    Error: processing vignette 'hwordcloud.Rmd' failed with diagnostics:
    cannot open the connection
    --- failed re-building ‘hwordcloud.Rmd’
    
    SUMMARY: processing the following file failed:
     ‘hwordcloud.Rmd’
    
    Error: Vignette re-building failed.
    Execution halted
Flavor: r-release-osx-x86_64

Version: 0.1.0
Check: re-building of vignette outputs
Result: WARN
    Error in re-building vignettes:
     ...
    Warning in engine$weave(file, quiet = quiet, encoding = enc) :
     Pandoc (>= 1.12.3) and/or pandoc-citeproc not available. Falling back to R Markdown v1.
    Quitting from lines 48-53 (hwordcloud.Rmd)
    Error: processing vignette 'hwordcloud.Rmd' failed with diagnostics:
    cannot open the connection
    Execution halted
Flavor: r-oldrel-osx-x86_64