CRAN Package Check Results for Package httptest

Last updated on 2020-04-25 01:53:04 CEST.

Flavor Version Tinstall Tcheck Ttotal Status Flags
r-devel-linux-x86_64-debian-clang 3.3.0 3.22 47.71 50.93 OK
r-devel-linux-x86_64-debian-gcc 3.3.0 3.00 37.68 40.68 OK
r-devel-linux-x86_64-fedora-clang 3.3.0 63.73 OK
r-devel-linux-x86_64-fedora-gcc 3.3.0 63.30 OK
r-devel-windows-ix86+x86_64 3.3.0 17.00 74.00 91.00 OK
r-patched-linux-x86_64 3.3.0 3.31 47.61 50.92 OK
r-patched-osx-x86_64 3.3.0 WARN
r-patched-solaris-x86 3.3.0 87.80 OK
r-release-linux-x86_64 3.3.0 2.43 43.53 45.96 OK
r-release-windows-ix86+x86_64 3.3.0 12.00 70.00 82.00 OK
r-release-osx-x86_64 3.3.0 OK
r-oldrel-windows-ix86+x86_64 3.3.0 5.00 84.00 89.00 OK
r-oldrel-osx-x86_64 3.3.0 OK

Check Details

Version: 3.3.0
Check: re-building of vignette outputs
Result: WARN
    Error(s) in re-building vignettes:
    --- re-building ‘httptest.Rmd’ using rmarkdown
    dyld: lazy symbol binding failed: Symbol not found: ____chkstk_darwin
     Referenced from: /usr/local/bin/pandoc (which was built for Mac OS X 10.15)
     Expected in: /usr/lib/libSystem.B.dylib
    
    dyld: Symbol not found: ____chkstk_darwin
     Referenced from: /usr/local/bin/pandoc (which was built for Mac OS X 10.15)
     Expected in: /usr/lib/libSystem.B.dylib
    
    Error: processing vignette 'httptest.Rmd' failed with diagnostics:
    pandoc document conversion failed with error 6
    --- failed re-building ‘httptest.Rmd’
    
    --- re-building ‘redacting.Rmd’ using rmarkdown
    dyld: lazy symbol binding failed: Symbol not found: ____chkstk_darwin
     Referenced from: /usr/local/bin/pandoc (which was built for Mac OS X 10.15)
     Expected in: /usr/lib/libSystem.B.dylib
    
    dyld: Symbol not found: ____chkstk_darwin
     Referenced from: /usr/local/bin/pandoc (which was built for Mac OS X 10.15)
     Expected in: /usr/lib/libSystem.B.dylib
    
    Error: processing vignette 'redacting.Rmd' failed with diagnostics:
    pandoc document conversion failed with error 6
    --- failed re-building ‘redacting.Rmd’
    
    --- re-building ‘vignettes.Rmd’ using rmarkdown
    dyld: lazy symbol binding failed: Symbol not found: ____chkstk_darwin
     Referenced from: /usr/local/bin/pandoc (which was built for Mac OS X 10.15)
     Expected in: /usr/lib/libSystem.B.dylib
    
    dyld: Symbol not found: ____chkstk_darwin
     Referenced from: /usr/local/bin/pandoc (which was built for Mac OS X 10.15)
     Expected in: /usr/lib/libSystem.B.dylib
    
    Error: processing vignette 'vignettes.Rmd' failed with diagnostics:
    pandoc document conversion failed with error 6
    --- failed re-building ‘vignettes.Rmd’
    
    SUMMARY: processing the following files failed:
     ‘httptest.Rmd’ ‘redacting.Rmd’ ‘vignettes.Rmd’
    
    Error: Vignette re-building failed.
    Execution halted
Flavor: r-patched-osx-x86_64