Last updated on 2020-04-25 01:53:04 CEST.
Flavor | Version | Tinstall | Tcheck | Ttotal | Status | Flags |
---|---|---|---|---|---|---|
r-devel-linux-x86_64-debian-clang | 2.0.2 | 68.43 | 52.08 | 120.51 | OK | |
r-devel-linux-x86_64-debian-gcc | 2.0.2 | 41.48 | 39.36 | 80.84 | OK | |
r-devel-linux-x86_64-fedora-clang | 2.0.2 | 171.76 | NOTE | |||
r-devel-linux-x86_64-fedora-gcc | 2.0.2 | 148.46 | NOTE | |||
r-devel-windows-ix86+x86_64 | 2.0.2 | 179.00 | 91.00 | 270.00 | OK | |
r-patched-linux-x86_64 | 2.0.2 | 56.06 | 51.28 | 107.34 | OK | |
r-patched-osx-x86_64 | 2.0.2 | OK | ||||
r-patched-solaris-x86 | 2.0.2 | 146.60 | OK | |||
r-release-linux-x86_64 | 2.0.2 | 49.26 | 48.12 | 97.38 | OK | |
r-release-windows-ix86+x86_64 | 2.0.2 | 172.00 | 89.00 | 261.00 | OK | |
r-release-osx-x86_64 | 2.0.2 | OK | ||||
r-oldrel-windows-ix86+x86_64 | 2.0.2 | 96.00 | 118.00 | 214.00 | OK | |
r-oldrel-osx-x86_64 | 2.0.2 | OK |
Version: 2.0.2
Check: compiled code
Result: NOTE
File ‘hsphase/libs/hsphase.so’:
Found no calls to: ‘R_registerRoutines’, ‘R_useDynamicSymbols’
It is good practice to register native routines and to disable symbol
search.
See ‘Writing portable packages’ in the ‘Writing R Extensions’ manual.
Flavors: r-devel-linux-x86_64-fedora-clang, r-devel-linux-x86_64-fedora-gcc