CRAN Package Check Results for Package hrbrthemes

Last updated on 2020-04-25 01:53:04 CEST.

Flavor Version Tinstall Tcheck Ttotal Status Flags
r-devel-linux-x86_64-debian-clang 0.8.0 7.18 57.59 64.77 NOTE
r-devel-linux-x86_64-debian-gcc 0.8.0 6.27 45.14 51.41 OK
r-devel-linux-x86_64-fedora-clang 0.8.0 81.59 OK
r-devel-linux-x86_64-fedora-gcc 0.8.0 79.49 OK
r-devel-windows-ix86+x86_64 0.8.0 24.00 75.00 99.00 OK
r-patched-linux-x86_64 0.8.0 7.68 55.58 63.26 OK
r-patched-osx-x86_64 0.8.0 WARN
r-patched-solaris-x86 0.8.0 112.90 OK
r-release-linux-x86_64 0.8.0 5.69 51.15 56.84 OK
r-release-windows-ix86+x86_64 0.8.0 24.00 68.00 92.00 OK
r-release-osx-x86_64 0.8.0 OK
r-oldrel-windows-ix86+x86_64 0.8.0 11.00 94.00 105.00 OK
r-oldrel-osx-x86_64 0.8.0 OK

Check Details

Version: 0.8.0
Check: package dependencies
Result: NOTE
    Package suggested but not available for checking: 'vdiffr'
Flavor: r-devel-linux-x86_64-debian-clang

Version: 0.8.0
Check: re-building of vignette outputs
Result: WARN
    Error(s) in re-building vignettes:
     ...
    --- re-building ‘why_hrbrthemes.Rmd’ using rmarkdown
    dyld: lazy symbol binding failed: Symbol not found: ____chkstk_darwin
     Referenced from: /usr/local/bin/pandoc (which was built for Mac OS X 10.15)
     Expected in: /usr/lib/libSystem.B.dylib
    
    dyld: Symbol not found: ____chkstk_darwin
     Referenced from: /usr/local/bin/pandoc (which was built for Mac OS X 10.15)
     Expected in: /usr/lib/libSystem.B.dylib
    
    Error: processing vignette 'why_hrbrthemes.Rmd' failed with diagnostics:
    pandoc document conversion failed with error 6
    --- failed re-building ‘why_hrbrthemes.Rmd’
    
    SUMMARY: processing the following file failed:
     ‘why_hrbrthemes.Rmd’
    
    Error: Vignette re-building failed.
    Execution halted
Flavor: r-patched-osx-x86_64