CRAN Package Check Results for Package hpackedbubble

Last updated on 2020-04-25 01:53:04 CEST.

Flavor Version Tinstall Tcheck Ttotal Status Flags
r-devel-linux-x86_64-debian-clang 0.1.0 2.60 27.38 29.98 OK
r-devel-linux-x86_64-debian-gcc 0.1.0 2.02 21.97 23.99 OK
r-devel-linux-x86_64-fedora-clang 0.1.0 37.95 OK
r-devel-linux-x86_64-fedora-gcc 0.1.0 36.85 OK
r-devel-windows-ix86+x86_64 0.1.0 11.00 47.00 58.00 OK
r-patched-linux-x86_64 0.1.0 2.64 26.88 29.52 OK
r-patched-osx-x86_64 0.1.0 WARN
r-patched-solaris-x86 0.1.0 55.60 WARN
r-release-linux-x86_64 0.1.0 2.22 25.59 27.81 OK
r-release-windows-ix86+x86_64 0.1.0 7.00 40.00 47.00 OK
r-release-osx-x86_64 0.1.0 WARN
r-oldrel-windows-ix86+x86_64 0.1.0 3.00 55.00 58.00 OK
r-oldrel-osx-x86_64 0.1.0 WARN

Check Details

Version: 0.1.0
Check: re-building of vignette outputs
Result: WARN
    Error(s) in re-building vignettes:
     ...
    --- re-building ‘hpackedbubble.Rmd’ using rmarkdown
    dyld: lazy symbol binding failed: Symbol not found: ____chkstk_darwin
     Referenced from: /usr/local/bin/pandoc (which was built for Mac OS X 10.15)
     Expected in: /usr/lib/libSystem.B.dylib
    
    dyld: Symbol not found: ____chkstk_darwin
     Referenced from: /usr/local/bin/pandoc (which was built for Mac OS X 10.15)
     Expected in: /usr/lib/libSystem.B.dylib
    
    Error: processing vignette 'hpackedbubble.Rmd' failed with diagnostics:
    pandoc document conversion failed with error 6
    --- failed re-building ‘hpackedbubble.Rmd’
    
    SUMMARY: processing the following file failed:
     ‘hpackedbubble.Rmd’
    
    Error: Vignette re-building failed.
    Execution halted
Flavor: r-patched-osx-x86_64

Version: 0.1.0
Check: re-building of vignette outputs
Result: WARN
    Error(s) in re-building vignettes:
     ...
    --- re-building ‘hpackedbubble.Rmd’ using rmarkdown
    Warning in engine$weave(file, quiet = quiet, encoding = enc) :
     Pandoc (>= 1.12.3) and/or pandoc-citeproc not available. Falling back to R Markdown v1.
    Quitting from lines 35-49 (hpackedbubble.Rmd)
    Error: processing vignette 'hpackedbubble.Rmd' failed with diagnostics:
    there is no package called 'webshot'
    --- failed re-building ‘hpackedbubble.Rmd’
    
    SUMMARY: processing the following file failed:
     ‘hpackedbubble.Rmd’
    
    Error: Vignette re-building failed.
    Execution halted
Flavor: r-patched-solaris-x86

Version: 0.1.0
Check: re-building of vignette outputs
Result: WARN
    Error(s) in re-building vignettes:
     ...
    --- re-building ‘hpackedbubble.Rmd’ using rmarkdown
    Warning in engine$weave(file, quiet = quiet, encoding = enc) :
     Pandoc (>= 1.12.3) and/or pandoc-citeproc not available. Falling back to R Markdown v1.
    Quitting from lines 35-49 (hpackedbubble.Rmd)
    Error: processing vignette 'hpackedbubble.Rmd' failed with diagnostics:
    cannot open the connection
    --- failed re-building ‘hpackedbubble.Rmd’
    
    SUMMARY: processing the following file failed:
     ‘hpackedbubble.Rmd’
    
    Error: Vignette re-building failed.
    Execution halted
Flavor: r-release-osx-x86_64

Version: 0.1.0
Check: re-building of vignette outputs
Result: WARN
    Error in re-building vignettes:
     ...
    Warning in engine$weave(file, quiet = quiet, encoding = enc) :
     Pandoc (>= 1.12.3) and/or pandoc-citeproc not available. Falling back to R Markdown v1.
    Quitting from lines 35-49 (hpackedbubble.Rmd)
    Error: processing vignette 'hpackedbubble.Rmd' failed with diagnostics:
    cannot open the connection
    Execution halted
Flavor: r-oldrel-osx-x86_64