CRAN Package Check Results for Package horserule

Last updated on 2020-04-25 01:53:04 CEST.

Flavor Version Tinstall Tcheck Ttotal Status Flags
r-devel-linux-x86_64-debian-clang 1.0.0 11.63 117.04 128.67 NOTE
r-devel-linux-x86_64-debian-gcc 1.0.0 9.01 88.16 97.17 NOTE
r-devel-linux-x86_64-fedora-clang 1.0.0 151.54 NOTE
r-devel-linux-x86_64-fedora-gcc 1.0.0 152.24 NOTE
r-devel-windows-ix86+x86_64 1.0.0 38.00 123.00 161.00 OK
r-patched-linux-x86_64 1.0.0 10.35 111.22 121.57 NOTE
r-patched-osx-x86_64 1.0.0 NOTE
r-patched-solaris-x86 1.0.0 225.30 NOTE
r-release-linux-x86_64 1.0.0 9.22 102.83 112.05 OK
r-release-windows-ix86+x86_64 1.0.0 34.00 104.00 138.00 OK
r-release-osx-x86_64 1.0.0 NOTE
r-oldrel-windows-ix86+x86_64 1.0.0 11.00 143.00 154.00 OK
r-oldrel-osx-x86_64 1.0.0 NOTE

Check Details

Version: 1.0.0
Check: for non-standard things in the check directory
Result: NOTE
    Found the following files/directories:
     'NUL'
Flavors: r-devel-linux-x86_64-debian-clang, r-devel-linux-x86_64-debian-gcc, r-devel-linux-x86_64-fedora-clang, r-devel-linux-x86_64-fedora-gcc, r-patched-linux-x86_64, r-patched-solaris-x86

Version: 1.0.0
Check: dependencies in R code
Result: NOTE
    Namespaces in Imports field not imported from:
     ‘MASS’ ‘Rdpack’
     All declared Imports should be used.
Flavors: r-devel-linux-x86_64-fedora-clang, r-devel-linux-x86_64-fedora-gcc, r-patched-osx-x86_64, r-patched-solaris-x86, r-release-osx-x86_64, r-oldrel-osx-x86_64