CRAN Package Check Results for Package hilbertSimilarity

Last updated on 2020-04-25 01:53:04 CEST.

Flavor Version Tinstall Tcheck Ttotal Status Flags
r-devel-linux-x86_64-debian-clang 0.4.3 18.86 187.54 206.40 OK
r-devel-linux-x86_64-debian-gcc 0.4.3 11.55 133.50 145.05 OK
r-devel-linux-x86_64-fedora-clang 0.4.3 245.05 OK
r-devel-linux-x86_64-fedora-gcc 0.4.3 245.12 OK
r-devel-windows-ix86+x86_64 0.4.3 55.00 208.00 263.00 OK
r-patched-linux-x86_64 0.4.3 14.63 187.81 202.44 OK
r-patched-osx-x86_64 0.4.3 OK
r-patched-solaris-x86 0.4.3 260.70 WARN
r-release-linux-x86_64 0.4.3 13.27 182.32 195.59 OK
r-release-windows-ix86+x86_64 0.4.3 50.00 197.00 247.00 OK
r-release-osx-x86_64 0.4.3 OK
r-oldrel-windows-ix86+x86_64 0.4.3 35.00 256.00 291.00 OK
r-oldrel-osx-x86_64 0.4.3 OK

Check Details

Version: 0.4.3
Check: whether package can be installed
Result: WARN
    Found the following significant warnings:
     mapping.cpp:95:58: warning: ISO C++ says that these are ambiguous, even though the worst conversion for the first is better than the worst conversion for the second:
Flavor: r-patched-solaris-x86