CRAN Package Check Results for Package highcharter

Last updated on 2020-04-25 01:53:04 CEST.

Flavor Version Tinstall Tcheck Ttotal Status Flags
r-devel-linux-x86_64-debian-clang 0.7.0 14.24 137.29 151.53 OK
r-devel-linux-x86_64-debian-gcc 0.7.0 10.39 104.03 114.42 OK
r-devel-linux-x86_64-fedora-clang 0.7.0 177.30 NOTE
r-devel-linux-x86_64-fedora-gcc 0.7.0 178.14 OK
r-devel-windows-ix86+x86_64 0.7.0 44.00 212.00 256.00 NOTE
r-patched-linux-x86_64 0.7.0 12.52 132.95 145.47 OK
r-patched-osx-x86_64 0.7.0 WARN
r-patched-solaris-x86 0.7.0 220.50 WARN
r-release-linux-x86_64 0.7.0 10.08 119.56 129.64 OK
r-release-windows-ix86+x86_64 0.7.0 44.00 280.00 324.00 NOTE
r-release-osx-x86_64 0.7.0 WARN
r-oldrel-windows-ix86+x86_64 0.7.0 22.00 205.00 227.00 NOTE
r-oldrel-osx-x86_64 0.7.0 WARN

Check Details

Version: 0.7.0
Check: package dependencies
Result: NOTE
    Imports includes 21 non-default packages.
    Importing from so many packages makes the package vulnerable to any of
    them becoming unavailable. Move as many as possible to Suggests and
    use conditionally.
Flavor: r-devel-linux-x86_64-fedora-clang

Version: 0.7.0
Check: installed package size
Result: NOTE
     installed size is 8.8Mb
     sub-directories of 1Mb or more:
     doc 3.7Mb
     htmlwidgets 4.0Mb
Flavors: r-devel-linux-x86_64-fedora-clang, r-devel-windows-ix86+x86_64, r-patched-osx-x86_64, r-patched-solaris-x86, r-release-windows-ix86+x86_64, r-release-osx-x86_64, r-oldrel-windows-ix86+x86_64, r-oldrel-osx-x86_64

Version: 0.7.0
Check: re-building of vignette outputs
Result: WARN
    Error(s) in re-building vignettes:
    --- re-building ‘charting-data-frames.Rmd’ using rmarkdown
    Highcharts (www.highcharts.com) is a Highsoft software product which is
    not free for commercial and Governmental use
    
    Attaching package: 'dplyr'
    
    The following objects are masked from 'package:stats':
    
     filter, lag
    
    The following objects are masked from 'package:base':
    
     intersect, setdiff, setequal, union
    
    dyld: lazy symbol binding failed: Symbol not found: ____chkstk_darwin
     Referenced from: /usr/local/bin/pandoc (which was built for Mac OS X 10.15)
     Expected in: /usr/lib/libSystem.B.dylib
    
    dyld: Symbol not found: ____chkstk_darwin
     Referenced from: /usr/local/bin/pandoc (which was built for Mac OS X 10.15)
     Expected in: /usr/lib/libSystem.B.dylib
    
    Error: processing vignette 'charting-data-frames.Rmd' failed with diagnostics:
    pandoc document conversion failed with error 6
    --- failed re-building ‘charting-data-frames.Rmd’
    
    --- re-building ‘charting-maps.Rmd’ using rmarkdown
    Highcharts (www.highcharts.com) is a Highsoft software product which is
    not free for commercial and Governmental use
    dyld: lazy symbol binding failed: Symbol not found: ____chkstk_darwin
     Referenced from: /usr/local/bin/pandoc (which was built for Mac OS X 10.15)
     Expected in: /usr/lib/libSystem.B.dylib
    
    dyld: Symbol not found: ____chkstk_darwin
     Referenced from: /usr/local/bin/pandoc (which was built for Mac OS X 10.15)
     Expected in: /usr/lib/libSystem.B.dylib
    
    Error: processing vignette 'charting-maps.Rmd' failed with diagnostics:
    pandoc document conversion failed with error 6
    --- failed re-building ‘charting-maps.Rmd’
    
    --- re-building ‘replicating-highcharts-demos.Rmd’ using rmarkdown
    dyld: lazy symbol binding failed: Symbol not found: ____chkstk_darwin
     Referenced from: /usr/local/bin/pandoc (which was built for Mac OS X 10.15)
     Expected in: /usr/lib/libSystem.B.dylib
    
    dyld: Symbol not found: ____chkstk_darwin
     Referenced from: /usr/local/bin/pandoc (which was built for Mac OS X 10.15)
     Expected in: /usr/lib/libSystem.B.dylib
    
    Error: processing vignette 'replicating-highcharts-demos.Rmd' failed with diagnostics:
    pandoc document conversion failed with error 6
    --- failed re-building ‘replicating-highcharts-demos.Rmd’
    
    --- re-building ‘shiny-events-demo.Rmd’ using rmarkdown
    dyld: lazy symbol binding failed: Symbol not found: ____chkstk_darwin
     Referenced from: /usr/local/bin/pandoc (which was built for Mac OS X 10.15)
     Expected in: /usr/lib/libSystem.B.dylib
    
    dyld: Symbol not found: ____chkstk_darwin
     Referenced from: /usr/local/bin/pandoc (which was built for Mac OS X 10.15)
     Expected in: /usr/lib/libSystem.B.dylib
    
    Error: processing vignette 'shiny-events-demo.Rmd' failed with diagnostics:
    pandoc document conversion failed with error 6
    --- failed re-building ‘shiny-events-demo.Rmd’
    
    SUMMARY: processing the following files failed:
     ‘charting-data-frames.Rmd’ ‘charting-maps.Rmd’
     ‘replicating-highcharts-demos.Rmd’ ‘shiny-events-demo.Rmd’
    
    Error: Vignette re-building failed.
    Execution halted
Flavor: r-patched-osx-x86_64

Version: 0.7.0
Check: re-building of vignette outputs
Result: WARN
    Error(s) in re-building vignettes:
     ...
    --- re-building ‘charting-data-frames.Rmd’ using rmarkdown
    Warning in engine$weave(file, quiet = quiet, encoding = enc) :
     Pandoc (>= 1.12.3) and/or pandoc-citeproc not available. Falling back to R Markdown v1.
    Highcharts (www.highcharts.com) is a Highsoft software product which is
    not free for commercial and Governmental use
    
    Attaching package: 'dplyr'
    
    The following objects are masked from 'package:stats':
    
     filter, lag
    
    The following objects are masked from 'package:base':
    
     intersect, setdiff, setequal, union
    
    Quitting from lines 52-53 (charting-data-frames.Rmd)
    Error: processing vignette 'charting-data-frames.Rmd' failed with diagnostics:
    there is no package called 'webshot'
    --- failed re-building ‘charting-data-frames.Rmd’
    
    --- re-building ‘charting-maps.Rmd’ using rmarkdown
    Warning in engine$weave(file, quiet = quiet, encoding = enc) :
     Pandoc (>= 1.12.3) and/or pandoc-citeproc not available. Falling back to R Markdown v1.
    Highcharts (www.highcharts.com) is a Highsoft software product which is
    not free for commercial and Governmental use
    --- finished re-building ‘charting-maps.Rmd’
    
    --- re-building ‘replicating-highcharts-demos.Rmd’ using rmarkdown
    Warning in engine$weave(file, quiet = quiet, encoding = enc) :
     Pandoc (>= 1.12.3) and/or pandoc-citeproc not available. Falling back to R Markdown v1.
    Quitting from lines 58-81 (replicating-highcharts-demos.Rmd)
    Error: processing vignette 'replicating-highcharts-demos.Rmd' failed with diagnostics:
    there is no package called 'webshot'
    --- failed re-building ‘replicating-highcharts-demos.Rmd’
    
    --- re-building ‘shiny-events-demo.Rmd’ using rmarkdown
    Warning in engine$weave(file, quiet = quiet, encoding = enc) :
     Pandoc (>= 1.12.3) and/or pandoc-citeproc not available. Falling back to R Markdown v1.
    --- finished re-building ‘shiny-events-demo.Rmd’
    
    SUMMARY: processing the following files failed:
     ‘charting-data-frames.Rmd’ ‘replicating-highcharts-demos.Rmd’
    
    Error: Vignette re-building failed.
    Execution halted
Flavor: r-patched-solaris-x86

Version: 0.7.0
Check: re-building of vignette outputs
Result: WARN
    Error(s) in re-building vignettes:
    --- re-building ‘charting-data-frames.Rmd’ using rmarkdown
    Warning in engine$weave(file, quiet = quiet, encoding = enc) :
     Pandoc (>= 1.12.3) and/or pandoc-citeproc not available. Falling back to R Markdown v1.
    Highcharts (www.highcharts.com) is a Highsoft software product which is
    not free for commercial and Governmental use
    
    Attaching package: 'dplyr'
    
    The following objects are masked from 'package:stats':
    
     filter, lag
    
    The following objects are masked from 'package:base':
    
     intersect, setdiff, setequal, union
    
    Quitting from lines 52-53 (charting-data-frames.Rmd)
    Error: processing vignette 'charting-data-frames.Rmd' failed with diagnostics:
    cannot open the connection
    --- failed re-building ‘charting-data-frames.Rmd’
    
    --- re-building ‘charting-maps.Rmd’ using rmarkdown
    Warning in engine$weave(file, quiet = quiet, encoding = enc) :
     Pandoc (>= 1.12.3) and/or pandoc-citeproc not available. Falling back to R Markdown v1.
    Highcharts (www.highcharts.com) is a Highsoft software product which is
    not free for commercial and Governmental use
    --- finished re-building ‘charting-maps.Rmd’
    
    --- re-building ‘replicating-highcharts-demos.Rmd’ using rmarkdown
    Warning in engine$weave(file, quiet = quiet, encoding = enc) :
     Pandoc (>= 1.12.3) and/or pandoc-citeproc not available. Falling back to R Markdown v1.
    Quitting from lines 58-81 (replicating-highcharts-demos.Rmd)
    Error: processing vignette 'replicating-highcharts-demos.Rmd' failed with diagnostics:
    cannot open the connection
    --- failed re-building ‘replicating-highcharts-demos.Rmd’
    
    --- re-building ‘shiny-events-demo.Rmd’ using rmarkdown
    Warning in engine$weave(file, quiet = quiet, encoding = enc) :
     Pandoc (>= 1.12.3) and/or pandoc-citeproc not available. Falling back to R Markdown v1.
    --- finished re-building ‘shiny-events-demo.Rmd’
    
    SUMMARY: processing the following files failed:
     ‘charting-data-frames.Rmd’ ‘replicating-highcharts-demos.Rmd’
    
    Error: Vignette re-building failed.
    Execution halted
Flavor: r-release-osx-x86_64

Version: 0.7.0
Check: re-building of vignette outputs
Result: WARN
    Error in re-building vignettes:
     ...
    Warning in engine$weave(file, quiet = quiet, encoding = enc) :
     Pandoc (>= 1.12.3) and/or pandoc-citeproc not available. Falling back to R Markdown v1.
    Highcharts (www.highcharts.com) is a Highsoft software product which is
    not free for commercial and Governmental use
    
    Attaching package: 'dplyr'
    
    The following objects are masked from 'package:stats':
    
     filter, lag
    
    The following objects are masked from 'package:base':
    
     intersect, setdiff, setequal, union
    
    Quitting from lines 52-53 (charting-data-frames.Rmd)
    Error: processing vignette 'charting-data-frames.Rmd' failed with diagnostics:
    cannot open the connection
    Execution halted
Flavor: r-oldrel-osx-x86_64