CRAN Package Check Results for Package hierfstat

Last updated on 2020-04-25 01:53:04 CEST.

Flavor Version Tinstall Tcheck Ttotal Status Flags
r-devel-linux-x86_64-debian-clang 0.04-22 22.12 210.80 232.92 OK
r-devel-linux-x86_64-debian-gcc 0.04-22 18.91 156.91 175.82 OK
r-devel-linux-x86_64-fedora-clang 0.04-22 278.90 OK
r-devel-linux-x86_64-fedora-gcc 0.04-22 279.47 OK
r-devel-windows-ix86+x86_64 0.04-22 68.00 212.00 280.00 OK
r-patched-linux-x86_64 0.04-22 21.50 199.58 221.08 OK
r-patched-osx-x86_64 0.04-22 WARN
r-patched-solaris-x86 0.04-22 401.80 OK
r-release-linux-x86_64 0.04-22 20.07 179.74 199.81 OK
r-release-windows-ix86+x86_64 0.04-22 51.00 191.00 242.00 OK
r-release-osx-x86_64 0.04-22 OK
r-oldrel-windows-ix86+x86_64 0.04-22 21.00 246.00 267.00 OK
r-oldrel-osx-x86_64 0.04-22 OK

Check Details

Version: 0.04-22
Check: re-building of vignette outputs
Result: WARN
    Error(s) in re-building vignettes:
    --- re-building ‘hierfstat.Rmd’ using rmarkdown
    Loading required package: ade4
    
     /// adegenet 2.1.2 is loaded ////////////
    
     > overview: '?adegenet'
     > tutorials/doc/questions: 'adegenetWeb()'
     > bug reports/feature requests: adegenetIssues()
    
    
    
    Attaching package: 'hierfstat'
    
    The following object is masked from 'package:adegenet':
    
     read.fstat
    
    dyld: lazy symbol binding failed: Symbol not found: ____chkstk_darwin
     Referenced from: /usr/local/bin/pandoc (which was built for Mac OS X 10.15)
     Expected in: /usr/lib/libSystem.B.dylib
    
    dyld: Symbol not found: ____chkstk_darwin
     Referenced from: /usr/local/bin/pandoc (which was built for Mac OS X 10.15)
     Expected in: /usr/lib/libSystem.B.dylib
    
    Error: processing vignette 'hierfstat.Rmd' failed with diagnostics:
    pandoc document conversion failed with error 6
    --- failed re-building ‘hierfstat.Rmd’
    
    SUMMARY: processing the following file failed:
     ‘hierfstat.Rmd’
    
    Error: Vignette re-building failed.
    Execution halted
Flavor: r-patched-osx-x86_64