CRAN Package Check Results for Package hesim

Last updated on 2020-04-25 01:53:04 CEST.

Flavor Version Tinstall Tcheck Ttotal Status Flags
r-devel-linux-x86_64-debian-clang 0.2.3 306.04 274.05 580.09 OK
r-devel-linux-x86_64-debian-gcc 0.2.3 237.56 218.12 455.68 OK
r-devel-linux-x86_64-fedora-clang 0.2.3 746.10 NOTE
r-devel-linux-x86_64-fedora-gcc 0.2.3 736.73 NOTE
r-devel-windows-ix86+x86_64 0.2.3 784.00 338.00 1122.00 NOTE
r-patched-linux-x86_64 0.2.3 264.41 242.14 506.55 OK
r-patched-osx-x86_64 0.2.3 WARN
r-patched-solaris-x86 0.2.3 758.30 NOTE
r-release-linux-x86_64 0.2.3 266.14 232.66 498.80 OK
r-release-windows-ix86+x86_64 0.2.3 731.00 335.00 1066.00 NOTE
r-release-osx-x86_64 0.2.3 NOTE
r-oldrel-windows-ix86+x86_64 0.2.3 554.00 391.00 945.00 NOTE
r-oldrel-osx-x86_64 0.2.3 NOTE

Check Details

Version: 0.2.3
Check: installed package size
Result: NOTE
     installed size is 29.7Mb
     sub-directories of 1Mb or more:
     doc 4.6Mb
     libs 24.1Mb
Flavors: r-devel-linux-x86_64-fedora-clang, r-devel-windows-ix86+x86_64, r-patched-osx-x86_64, r-patched-solaris-x86, r-release-windows-ix86+x86_64, r-release-osx-x86_64, r-oldrel-windows-ix86+x86_64, r-oldrel-osx-x86_64

Version: 0.2.3
Check: dependencies in R code
Result: NOTE
    Namespace in Imports field not imported from: ‘R6’
     All declared Imports should be used.
Flavors: r-devel-linux-x86_64-fedora-clang, r-devel-linux-x86_64-fedora-gcc, r-patched-osx-x86_64, r-patched-solaris-x86, r-release-osx-x86_64, r-oldrel-osx-x86_64

Version: 0.2.3
Check: re-building of vignette outputs
Result: WARN
    Error(s) in re-building vignettes:
    --- re-building ‘ctstm.Rmd’ using rmarkdown
    Loading required package: survival
    dyld: lazy symbol binding failed: Symbol not found: ____chkstk_darwin
     Referenced from: /usr/local/bin/pandoc (which was built for Mac OS X 10.15)
     Expected in: /usr/lib/libSystem.B.dylib
    
    dyld: Symbol not found: ____chkstk_darwin
     Referenced from: /usr/local/bin/pandoc (which was built for Mac OS X 10.15)
     Expected in: /usr/lib/libSystem.B.dylib
    
    Error: processing vignette 'ctstm.Rmd' failed with diagnostics:
    pandoc document conversion failed with error 6
    --- failed re-building ‘ctstm.Rmd’
    
    --- re-building ‘icea.Rmd’ using rmarkdown
    dyld: lazy symbol binding failed: Symbol not found: ____chkstk_darwin
     Referenced from: /usr/local/bin/pandoc (which was built for Mac OS X 10.15)
     Expected in: /usr/lib/libSystem.B.dylib
    
    dyld: Symbol not found: ____chkstk_darwin
     Referenced from: /usr/local/bin/pandoc (which was built for Mac OS X 10.15)
     Expected in: /usr/lib/libSystem.B.dylib
    
    Error: processing vignette 'icea.Rmd' failed with diagnostics:
    pandoc document conversion failed with error 6
    --- failed re-building ‘icea.Rmd’
    
    --- re-building ‘intro.Rmd’ using rmarkdown
    Loading required package: survival
    dyld: lazy symbol binding failed: Symbol not found: ____chkstk_darwin
     Referenced from: /usr/local/bin/pandoc (which was built for Mac OS X 10.15)
     Expected in: /usr/lib/libSystem.B.dylib
    
    dyld: Symbol not found: ____chkstk_darwin
     Referenced from: /usr/local/bin/pandoc (which was built for Mac OS X 10.15)
     Expected in: /usr/lib/libSystem.B.dylib
    
    Error: processing vignette 'intro.Rmd' failed with diagnostics:
    pandoc document conversion failed with error 6
    --- failed re-building ‘intro.Rmd’
    
    --- re-building ‘psm.Rmd’ using rmarkdown
    Loading required package: survival
    Warning: Survival curves crossed 0.06 percent of the time.
    dyld: lazy symbol binding failed: Symbol not found: ____chkstk_darwin
     Referenced from: /usr/local/bin/pandoc (which was built for Mac OS X 10.15)
     Expected in: /usr/lib/libSystem.B.dylib
    
    dyld: Symbol not found: ____chkstk_darwin
     Referenced from: /usr/local/bin/pandoc (which was built for Mac OS X 10.15)
     Expected in: /usr/lib/libSystem.B.dylib
    
    Error: processing vignette 'psm.Rmd' failed with diagnostics:
    pandoc document conversion failed with error 6
    --- failed re-building ‘psm.Rmd’
    
    SUMMARY: processing the following files failed:
     ‘ctstm.Rmd’ ‘icea.Rmd’ ‘intro.Rmd’ ‘psm.Rmd’
    
    Error: Vignette re-building failed.
    Execution halted
Flavor: r-patched-osx-x86_64