CRAN Package Check Results for Package helsinki

Last updated on 2020-04-25 01:53:04 CEST.

Flavor Version Tinstall Tcheck Ttotal Status Flags
r-devel-linux-x86_64-debian-clang 0.9.29 4.40 44.18 48.58 OK
r-devel-linux-x86_64-debian-gcc 0.9.29 3.47 34.94 38.41 OK
r-devel-linux-x86_64-fedora-clang 0.9.29 63.22 NOTE
r-devel-linux-x86_64-fedora-gcc 0.9.29 60.62 NOTE
r-devel-windows-ix86+x86_64 0.9.29 23.00 85.00 108.00 OK
r-patched-linux-x86_64 0.9.29 4.51 43.05 47.56 OK
r-patched-osx-x86_64 0.9.29 NOTE
r-patched-solaris-x86 0.9.29 108.70 NOTE
r-release-linux-x86_64 0.9.29 3.49 39.52 43.01 OK
r-release-windows-ix86+x86_64 0.9.29 18.00 81.00 99.00 OK
r-release-osx-x86_64 0.9.29 NOTE
r-oldrel-windows-ix86+x86_64 0.9.29 7.00 77.00 84.00 OK
r-oldrel-osx-x86_64 0.9.29 NOTE

Check Details

Version: 0.9.29
Check: data for non-ASCII characters
Result: NOTE
     Note: found 37185 marked UTF-8 strings
Flavors: r-devel-linux-x86_64-fedora-clang, r-devel-linux-x86_64-fedora-gcc, r-patched-osx-x86_64, r-patched-solaris-x86, r-release-osx-x86_64, r-oldrel-osx-x86_64