CRAN Package Check Results for Package heatwaveR

Last updated on 2020-04-25 01:53:04 CEST.

Flavor Version Tinstall Tcheck Ttotal Status Flags
r-devel-linux-x86_64-debian-clang 0.4.2 35.12 251.51 286.63 OK
r-devel-linux-x86_64-debian-gcc 0.4.2 25.30 230.51 255.81 OK
r-devel-linux-x86_64-fedora-clang 0.4.2 287.78 OK
r-devel-linux-x86_64-fedora-gcc 0.4.2 248.40 OK
r-devel-windows-ix86+x86_64 0.4.2 108.00 245.00 353.00 OK
r-patched-linux-x86_64 0.4.2 29.88 207.66 237.54 OK
r-patched-osx-x86_64 0.4.2 WARN
r-patched-solaris-x86 0.4.2 279.30 OK
r-release-linux-x86_64 0.4.2 29.28 199.26 228.54 OK
r-release-windows-ix86+x86_64 0.4.2 88.00 350.00 438.00 OK
r-release-osx-x86_64 0.4.2 OK
r-oldrel-windows-ix86+x86_64 0.4.2 57.00 257.00 314.00 OK
r-oldrel-osx-x86_64 0.4.2 OK

Check Details

Version: 0.4.2
Check: re-building of vignette outputs
Result: WARN
    Error(s) in re-building vignettes:
    --- re-building ‘OISST_preparation.Rmd’ using rmarkdown
    dyld: lazy symbol binding failed: Symbol not found: ____chkstk_darwin
     Referenced from: /usr/local/bin/pandoc (which was built for Mac OS X 10.15)
     Expected in: /usr/lib/libSystem.B.dylib
    
    dyld: Symbol not found: ____chkstk_darwin
     Referenced from: /usr/local/bin/pandoc (which was built for Mac OS X 10.15)
     Expected in: /usr/lib/libSystem.B.dylib
    
    Error: processing vignette 'OISST_preparation.Rmd' failed with diagnostics:
    pandoc document conversion failed with error 6
    --- failed re-building ‘OISST_preparation.Rmd’
    
    --- re-building ‘complex_clims.Rmd’ using rmarkdown
    
    Attaching package: 'dplyr'
    
    The following objects are masked from 'package:stats':
    
     filter, lag
    
    The following objects are masked from 'package:base':
    
     intersect, setdiff, setequal, union
    
    Loading required package: ggplot2
    Loading required package: magrittr
    dyld: lazy symbol binding failed: Symbol not found: ____chkstk_darwin
     Referenced from: /usr/local/bin/pandoc (which was built for Mac OS X 10.15)
     Expected in: /usr/lib/libSystem.B.dylib
    
    dyld: Symbol not found: ____chkstk_darwin
     Referenced from: /usr/local/bin/pandoc (which was built for Mac OS X 10.15)
     Expected in: /usr/lib/libSystem.B.dylib
    
    Error: processing vignette 'complex_clims.Rmd' failed with diagnostics:
    pandoc document conversion failed with error 6
    --- failed re-building ‘complex_clims.Rmd’
    
    --- re-building ‘detection_and_visualisation.Rmd’ using rmarkdown
    
    Attaching package: 'dplyr'
    
    The following objects are masked from 'package:stats':
    
     filter, lag
    
    The following objects are masked from 'package:base':
    
     intersect, setdiff, setequal, union
    
    Warning: Removed 23 rows containing missing values (geom_flame).
    Warning: Removed 23 rows containing missing values (geom_flame).
    dyld: lazy symbol binding failed: Symbol not found: ____chkstk_darwin
     Referenced from: /usr/local/bin/pandoc (which was built for Mac OS X 10.15)
     Expected in: /usr/lib/libSystem.B.dylib
    
    dyld: Symbol not found: ____chkstk_darwin
     Referenced from: /usr/local/bin/pandoc (which was built for Mac OS X 10.15)
     Expected in: /usr/lib/libSystem.B.dylib
    
    Error: processing vignette 'detection_and_visualisation.Rmd' failed with diagnostics:
    pandoc document conversion failed with error 6
    --- failed re-building ‘detection_and_visualisation.Rmd’
    
    --- re-building ‘event_categories.Rmd’ using rmarkdown
    
    Attaching package: 'dplyr'
    
    The following objects are masked from 'package:stats':
    
     filter, lag
    
    The following objects are masked from 'package:base':
    
     intersect, setdiff, setequal, union
    
    dyld: lazy symbol binding failed: Symbol not found: ____chkstk_darwin
     Referenced from: /usr/local/bin/pandoc (which was built for Mac OS X 10.15)
     Expected in: /usr/lib/libSystem.B.dylib
    
    dyld: Symbol not found: ____chkstk_darwin
     Referenced from: /usr/local/bin/pandoc (which was built for Mac OS X 10.15)
     Expected in: /usr/lib/libSystem.B.dylib
    
    Error: processing vignette 'event_categories.Rmd' failed with diagnostics:
    pandoc document conversion failed with error 6
    --- failed re-building ‘event_categories.Rmd’
    
    --- re-building ‘exceedance.Rmd’ using rmarkdown
    
    Attaching package: 'dplyr'
    
    The following objects are masked from 'package:stats':
    
     filter, lag
    
    The following objects are masked from 'package:base':
    
     intersect, setdiff, setequal, union
    
    dyld: lazy symbol binding failed: Symbol not found: ____chkstk_darwin
     Referenced from: /usr/local/bin/pandoc (which was built for Mac OS X 10.15)
     Expected in: /usr/lib/libSystem.B.dylib
    
    dyld: Symbol not found: ____chkstk_darwin
     Referenced from: /usr/local/bin/pandoc (which was built for Mac OS X 10.15)
     Expected in: /usr/lib/libSystem.B.dylib
    
    Error: processing vignette 'exceedance.Rmd' failed with diagnostics:
    pandoc document conversion failed with error 6
    --- failed re-building ‘exceedance.Rmd’
    
    --- re-building ‘gridded_event_detection.Rmd’ using rmarkdown
    dyld: lazy symbol binding failed: Symbol not found: ____chkstk_darwin
     Referenced from: /usr/local/bin/pandoc (which was built for Mac OS X 10.15)
     Expected in: /usr/lib/libSystem.B.dylib
    
    dyld: Symbol not found: ____chkstk_darwin
     Referenced from: /usr/local/bin/pandoc (which was built for Mac OS X 10.15)
     Expected in: /usr/lib/libSystem.B.dylib
    
    Error: processing vignette 'gridded_event_detection.Rmd' failed with diagnostics:
    pandoc document conversion failed with error 6
    --- failed re-building ‘gridded_event_detection.Rmd’
    
    SUMMARY: processing the following files failed:
     ‘OISST_preparation.Rmd’ ‘complex_clims.Rmd’
     ‘detection_and_visualisation.Rmd’ ‘event_categories.Rmd’
     ‘exceedance.Rmd’ ‘gridded_event_detection.Rmd’
    
    Error: Vignette re-building failed.
    Execution halted
Flavor: r-patched-osx-x86_64