Last updated on 2020-04-25 01:53:04 CEST.
Flavor | Version | Tinstall | Tcheck | Ttotal | Status | Flags |
---|---|---|---|---|---|---|
r-devel-linux-x86_64-debian-clang | 1.1.0 | 9.55 | 322.17 | 331.72 | OK | |
r-devel-linux-x86_64-debian-gcc | 1.1.0 | 7.38 | 352.04 | 359.42 | OK | |
r-devel-linux-x86_64-fedora-clang | 1.1.0 | 322.73 | NOTE | |||
r-devel-linux-x86_64-fedora-gcc | 1.1.0 | 335.65 | OK | |||
r-devel-windows-ix86+x86_64 | 1.1.0 | 49.00 | 228.00 | 277.00 | NOTE | |
r-patched-linux-x86_64 | 1.1.0 | 9.90 | 296.95 | 306.85 | OK | |
r-patched-osx-x86_64 | 1.1.0 | WARN | ||||
r-patched-solaris-x86 | 1.1.0 | 301.40 | WARN | |||
r-release-linux-x86_64 | 1.1.0 | 8.56 | 285.11 | 293.67 | OK | |
r-release-windows-ix86+x86_64 | 1.1.0 | 34.00 | 221.00 | 255.00 | NOTE | |
r-release-osx-x86_64 | 1.1.0 | WARN | ||||
r-oldrel-windows-ix86+x86_64 | 1.1.0 | 13.00 | 329.00 | 342.00 | NOTE | |
r-oldrel-osx-x86_64 | 1.0.0 | WARN |
Version: 1.1.0
Check: installed package size
Result: NOTE
installed size is 6.7Mb
sub-directories of 1Mb or more:
doc 6.3Mb
Flavors: r-devel-linux-x86_64-fedora-clang, r-devel-windows-ix86+x86_64, r-patched-osx-x86_64, r-patched-solaris-x86, r-release-windows-ix86+x86_64, r-release-osx-x86_64, r-oldrel-windows-ix86+x86_64
Version: 1.1.0
Check: re-building of vignette outputs
Result: WARN
Error(s) in re-building vignettes:
--- re-building ‘heatmaply.Rmd’ using rmarkdown
Loading required package: plotly
Loading required package: ggplot2
Attaching package: 'plotly'
The following object is masked from 'package:ggplot2':
last_plot
The following object is masked from 'package:stats':
filter
The following object is masked from 'package:graphics':
layout
Loading required package: viridis
Loading required package: viridisLite
======================
Welcome to heatmaply version 1.1.0
Type citation('heatmaply') for how to cite the package.
Type ?heatmaply for the main documentation.
The github page is: https://github.com/talgalili/heatmaply/
Please submit your suggestions and bug-reports at: https://github.com/talgalili/heatmaply/issues
Or contact: <tal.galili@gmail.com>
======================
Fontconfig error: Cannot load default config file
dyld: lazy symbol binding failed: Symbol not found: ____chkstk_darwin
Referenced from: /usr/local/bin/pandoc (which was built for Mac OS X 10.15)
Expected in: /usr/lib/libSystem.B.dylib
dyld: Symbol not found: ____chkstk_darwin
Referenced from: /usr/local/bin/pandoc (which was built for Mac OS X 10.15)
Expected in: /usr/lib/libSystem.B.dylib
Error: processing vignette 'heatmaply.Rmd' failed with diagnostics:
pandoc document conversion failed with error 6
--- failed re-building ‘heatmaply.Rmd’
SUMMARY: processing the following file failed:
‘heatmaply.Rmd’
Error: Vignette re-building failed.
Execution halted
Flavor: r-patched-osx-x86_64
Version: 1.1.0
Check: re-building of vignette outputs
Result: WARN
Error(s) in re-building vignettes:
...
--- re-building ‘heatmaply.Rmd’ using rmarkdown
Warning in engine$weave(file, quiet = quiet, encoding = enc) :
Pandoc (>= 1.12.3) and/or pandoc-citeproc not available. Falling back to R Markdown v1.
Loading required package: plotly
Loading required package: ggplot2
Attaching package: 'plotly'
The following object is masked from 'package:ggplot2':
last_plot
The following object is masked from 'package:stats':
filter
The following object is masked from 'package:graphics':
layout
Loading required package: viridis
Loading required package: viridisLite
======================
Welcome to heatmaply version 1.1.0
Type citation('heatmaply') for how to cite the package.
Type ?heatmaply for the main documentation.
The github page is: https://github.com/talgalili/heatmaply/
Please submit your suggestions and bug-reports at: https://github.com/talgalili/heatmaply/issues
Or contact: <tal.galili@gmail.com>
======================
Quitting from lines 108-110 (heatmaply.Rmd)
Error: processing vignette 'heatmaply.Rmd' failed with diagnostics:
cannot open the connection
--- failed re-building ‘heatmaply.Rmd’
SUMMARY: processing the following file failed:
‘heatmaply.Rmd’
Error: Vignette re-building failed.
Execution halted
Flavor: r-patched-solaris-x86
Version: 1.1.0
Check: re-building of vignette outputs
Result: WARN
Error(s) in re-building vignettes:
--- re-building ‘heatmaply.Rmd’ using rmarkdown
Warning in engine$weave(file, quiet = quiet, encoding = enc) :
Pandoc (>= 1.12.3) and/or pandoc-citeproc not available. Falling back to R Markdown v1.
Loading required package: plotly
Loading required package: ggplot2
Attaching package: 'plotly'
The following object is masked from 'package:ggplot2':
last_plot
The following object is masked from 'package:stats':
filter
The following object is masked from 'package:graphics':
layout
Loading required package: viridis
Loading required package: viridisLite
======================
Welcome to heatmaply version 1.1.0
Type citation('heatmaply') for how to cite the package.
Type ?heatmaply for the main documentation.
The github page is: https://github.com/talgalili/heatmaply/
Please submit your suggestions and bug-reports at: https://github.com/talgalili/heatmaply/issues
Or contact: <tal.galili@gmail.com>
======================
No protocol specified
Quitting from lines 108-110 (heatmaply.Rmd)
Error: processing vignette 'heatmaply.Rmd' failed with diagnostics:
cannot open the connection
--- failed re-building ‘heatmaply.Rmd’
SUMMARY: processing the following file failed:
‘heatmaply.Rmd’
Error: Vignette re-building failed.
Execution halted
Flavor: r-release-osx-x86_64
Version: 1.0.0
Check: installed package size
Result: NOTE
installed size is 6.7Mb
sub-directories of 1Mb or more:
doc 6.3Mb
Flavor: r-oldrel-osx-x86_64
Version: 1.0.0
Check: re-building of vignette outputs
Result: WARN
Error in re-building vignettes:
...
filter
The following object is masked from 'package:graphics':
layout
Loading required package: viridis
Loading required package: viridisLite
======================
Welcome to heatmaply version 1.0.0
Type citation('heatmaply') for how to cite the package.
Type ?heatmaply for the main documentation.
The github page is: https://github.com/talgalili/heatmaply/
Please submit your suggestions and bug-reports at: https://github.com/talgalili/heatmaply/issues
Or contact: <tal.galili@gmail.com>
======================
No protocol specified
Quitting from lines 108-110 (heatmaply.Rmd)
Error: processing vignette 'heatmaply.Rmd' failed with diagnostics:
cannot open the connection
Execution halted
Flavor: r-oldrel-osx-x86_64