CRAN Package Check Results for Package hash

Last updated on 2020-04-25 01:53:04 CEST.

Flavor Version Tinstall Tcheck Ttotal Status Flags
r-devel-linux-x86_64-debian-clang 2.2.6.1 3.42 26.03 29.45 NOTE
r-devel-linux-x86_64-debian-gcc 2.2.6.1 2.77 21.39 24.16 NOTE
r-devel-linux-x86_64-fedora-clang 2.2.6.1 38.10 NOTE
r-devel-linux-x86_64-fedora-gcc 2.2.6.1 37.39 NOTE
r-devel-windows-ix86+x86_64 2.2.6.1 10.00 42.00 52.00 NOTE
r-patched-linux-x86_64 2.2.6.1 2.79 26.02 28.81 NOTE
r-patched-osx-x86_64 2.2.6.1 NOTE
r-patched-solaris-x86 2.2.6.1 54.80 NOTE
r-release-linux-x86_64 2.2.6.1 1.82 24.36 26.18 NOTE
r-release-windows-ix86+x86_64 2.2.6.1 7.00 37.00 44.00 NOTE
r-release-osx-x86_64 2.2.6.1 NOTE
r-oldrel-windows-ix86+x86_64 2.2.6.1 4.00 52.00 56.00 NOTE
r-oldrel-osx-x86_64 2.2.6.1 NOTE

Check Details

Version: 2.2.6.1
Check: top-level files
Result: NOTE
    File
     LICENSE
    is not mentioned in the DESCRIPTION file.
    Non-standard file/directory found at top level:
     'dev'
Flavors: r-devel-linux-x86_64-debian-clang, r-devel-linux-x86_64-debian-gcc, r-devel-linux-x86_64-fedora-clang, r-devel-linux-x86_64-fedora-gcc, r-patched-linux-x86_64, r-release-linux-x86_64

Version: 2.2.6.1
Check: top-level files
Result: NOTE
    File
     LICENSE
    is not mentioned in the DESCRIPTION file.
Flavors: r-devel-windows-ix86+x86_64, r-patched-osx-x86_64, r-patched-solaris-x86, r-release-windows-ix86+x86_64, r-release-osx-x86_64, r-oldrel-windows-ix86+x86_64, r-oldrel-osx-x86_64