CRAN Package Check Results for Package hal9001

Last updated on 2020-04-25 01:53:04 CEST.

Flavor Version Tinstall Tcheck Ttotal Status Flags
r-devel-linux-x86_64-debian-clang 0.2.5 95.44 135.97 231.41 OK
r-devel-linux-x86_64-debian-gcc 0.2.5 58.51 99.68 158.19 OK
r-devel-linux-x86_64-fedora-clang 0.2.5 295.24 NOTE
r-devel-linux-x86_64-fedora-gcc 0.2.5 288.51 OK
r-devel-windows-ix86+x86_64 0.2.5 245.00 220.00 465.00 OK
r-patched-linux-x86_64 0.2.5 73.40 132.39 205.79 OK
r-patched-osx-x86_64 0.2.5 WARN
r-patched-solaris-x86 0.2.5 326.40 OK
r-release-linux-x86_64 0.2.5 69.69 121.78 191.47 OK
r-release-windows-ix86+x86_64 0.2.5 206.00 210.00 416.00 OK
r-release-osx-x86_64 0.2.5 OK
r-oldrel-windows-ix86+x86_64 0.2.5 121.00 219.00 340.00 OK
r-oldrel-osx-x86_64 0.2.5 OK

Check Details

Version: 0.2.5
Check: installed package size
Result: NOTE
     installed size is 6.0Mb
     sub-directories of 1Mb or more:
     libs 5.2Mb
Flavor: r-devel-linux-x86_64-fedora-clang

Version: 0.2.5
Check: re-building of vignette outputs
Result: WARN
    Error(s) in re-building vignettes:
     ...
    --- re-building ‘intro_hal9001.Rmd’ using rmarkdown
    Error in x$.self$finalize() : attempt to apply non-function
    Error in x$.self$finalize() : attempt to apply non-function
    Error in x$.self$finalize() : attempt to apply non-function
    dyld: lazy symbol binding failed: Symbol not found: ____chkstk_darwin
     Referenced from: /usr/local/bin/pandoc (which was built for Mac OS X 10.15)
     Expected in: /usr/lib/libSystem.B.dylib
    
    dyld: Symbol not found: ____chkstk_darwin
     Referenced from: /usr/local/bin/pandoc (which was built for Mac OS X 10.15)
     Expected in: /usr/lib/libSystem.B.dylib
    
    Error: processing vignette 'intro_hal9001.Rmd' failed with diagnostics:
    pandoc document conversion failed with error 6
    --- failed re-building ‘intro_hal9001.Rmd’
    
    SUMMARY: processing the following file failed:
     ‘intro_hal9001.Rmd’
    
    Error: Vignette re-building failed.
    Execution halted
Flavor: r-patched-osx-x86_64