CRAN Package Check Results for Package hBayesDM

Last updated on 2020-04-25 01:53:04 CEST.

Flavor Version Tinstall Tcheck Ttotal Status Flags
r-devel-linux-x86_64-debian-clang 1.0.2 30.77 135.52 166.29 NOTE
r-devel-linux-x86_64-debian-gcc 1.0.2 27.33 101.57 128.90 NOTE
r-devel-linux-x86_64-fedora-clang 1.0.2 205.51 NOTE
r-devel-linux-x86_64-fedora-gcc 1.0.2 206.88 NOTE
r-devel-windows-ix86+x86_64 1.0.2 74.00 164.00 238.00 NOTE
r-patched-linux-x86_64 1.0.2 28.15 129.73 157.88 NOTE
r-patched-osx-x86_64 1.0.2 NOTE
r-patched-solaris-x86 1.0.2 268.80 NOTE
r-release-linux-x86_64 1.0.2 20.78 116.24 137.02 NOTE
r-release-windows-ix86+x86_64 1.0.2 68.00 159.00 227.00 NOTE
r-release-osx-x86_64 1.0.2 NOTE
r-oldrel-windows-ix86+x86_64 1.0.2 40.00 212.00 252.00 NOTE
r-oldrel-osx-x86_64 1.0.2 NOTE

Check Details

Version: 1.0.2
Check: for GNU extensions in Makefiles
Result: NOTE
    GNU make is a SystemRequirements.
Flavors: r-devel-linux-x86_64-debian-clang, r-devel-linux-x86_64-debian-gcc, r-devel-linux-x86_64-fedora-clang, r-devel-linux-x86_64-fedora-gcc, r-devel-windows-ix86+x86_64, r-patched-linux-x86_64, r-patched-osx-x86_64, r-patched-solaris-x86, r-release-linux-x86_64, r-release-windows-ix86+x86_64, r-release-osx-x86_64, r-oldrel-windows-ix86+x86_64, r-oldrel-osx-x86_64