CRAN Package Check Results for Package gwfa

Last updated on 2020-04-25 01:53:04 CEST.

Flavor Version Tinstall Tcheck Ttotal Status Flags
r-devel-linux-x86_64-debian-clang 0.0.4 23.26 36.50 59.76 OK
r-devel-linux-x86_64-debian-gcc 0.0.4 14.57 28.83 43.40 OK
r-devel-linux-x86_64-fedora-clang 0.0.4 78.33 NOTE
r-devel-linux-x86_64-fedora-gcc 0.0.4 75.98 NOTE
r-devel-windows-ix86+x86_64 0.0.4 60.00 71.00 131.00 OK
r-patched-linux-x86_64 0.0.4 18.65 35.42 54.07 OK
r-patched-osx-x86_64 0.0.4 OK
r-patched-solaris-x86 0.0.4 93.50 OK
r-release-linux-x86_64 0.0.4 19.82 32.93 52.75 OK
r-release-windows-ix86+x86_64 0.0.4 60.00 68.00 128.00 OK
r-release-osx-x86_64 0.0.4 OK
r-oldrel-windows-ix86+x86_64 0.0.4 40.00 93.00 133.00 OK
r-oldrel-osx-x86_64 0.0.4 OK

Check Details

Version: 0.0.4
Check: compiled code
Result: NOTE
    File ‘gwfa/libs/gwfa.so’:
     Found no calls to: ‘R_registerRoutines’, ‘R_useDynamicSymbols’
    
    It is good practice to register native routines and to disable symbol
    search.
    
    See ‘Writing portable packages’ in the ‘Writing R Extensions’ manual.
Flavors: r-devel-linux-x86_64-fedora-clang, r-devel-linux-x86_64-fedora-gcc