CRAN Package Check Results for Package gwer

Last updated on 2020-04-25 01:53:04 CEST.

Flavor Version Tinstall Tcheck Ttotal Status Flags
r-devel-linux-x86_64-debian-clang 2.0 18.06 180.46 198.52 OK
r-devel-linux-x86_64-debian-gcc 2.0 15.25 141.27 156.52 OK
r-devel-linux-x86_64-fedora-clang 2.0 245.44 NOTE
r-devel-linux-x86_64-fedora-gcc 2.0 249.33 NOTE
r-devel-windows-ix86+x86_64 2.0 59.00 195.00 254.00 OK
r-patched-linux-x86_64 2.0 18.39 177.55 195.94 OK
r-patched-osx-x86_64 2.0 NOTE
r-patched-solaris-x86 2.0 349.20 NOTE
r-release-linux-x86_64 2.0 16.40 159.78 176.18 OK
r-release-windows-ix86+x86_64 2.0 51.00 176.00 227.00 OK
r-release-osx-x86_64 2.0 NOTE
r-oldrel-windows-ix86+x86_64 2.0 22.00 253.00 275.00 OK
r-oldrel-osx-x86_64 2.0 NOTE

Check Details

Version: 2.0
Check: dependencies in R code
Result: NOTE
    Namespace in Imports field not imported from: ‘Matrix’
     All declared Imports should be used.
Flavors: r-devel-linux-x86_64-fedora-clang, r-devel-linux-x86_64-fedora-gcc, r-patched-osx-x86_64, r-patched-solaris-x86, r-release-osx-x86_64, r-oldrel-osx-x86_64